{"id":967,"date":"2019-03-12T08:37:21","date_gmt":"2019-03-12T11:37:21","guid":{"rendered":"http:\/\/dea.unsj.edu.ar\/principal\/?page_id=967"},"modified":"2019-03-12T08:37:21","modified_gmt":"2019-03-12T11:37:21","slug":"reserva-semanal-de-proyector-y-notebook-semestre-par","status":"publish","type":"page","link":"https:\/\/dea.unsj.edu.ar\/principal\/docentes\/reserva-de-proyector-y-notebook\/reserva-semanal-de-proyector-y-notebook-semestre-par\/","title":{"rendered":"Reserva Semanal de Proyector Y Notebook (Semestre Par) 2022"},"content":{"rendered":"\n<p> En esta p\u00e1gina se muestra la planilla con la reservas de Proyectores y Notebook realizados por los docentes para el dictado de clases para los semestres impares. <\/p>\n\n\n\n<p>IMPORTANTE 1: Previo al empleo del proyector y\/o notebook, verificar y notificarse del\/de los elemento\/s asignado\/s para el desarrollo de sus clases.<\/p>\n\n\n\n<p>IMPORTANTE 2: Luego de dar su clase y en el momento de la devoluci\u00f3n del proyector y\/o notebook, por favor verifique que est\u00e1n todos los elementos en el bolso del proyector (es decir, el proyector, su cable de alimentaci\u00f3n, zapatilla y cable de conexi\u00f3n VGA y HDMI) y en el bolso de la notebook ( o sea, notebook y su cable de alimentaci\u00f3n). La firma del Profesor en la planilla de pr\u00e9stamo al momento de la devoluci\u00f3n implica que se ha efectuado esta verificaci\u00f3n.<\/p>\n\n\n\n<figure class=\"wp-block-table is-style-stripes\"><table><tbody><tr><td><strong>USUARIO<\/strong><\/td><td><strong>HORARIO<\/strong><\/td><td><strong>DIA<\/strong><\/td><td class=\"has-text-align-center\" data-align=\"center\"><strong>PROY \/ NOT ASIGNADO<\/strong><\/td><td><strong>ASIGNATURA<\/strong><\/td><\/tr><tr><td><strong>Miguel Pe\u00f1a<\/strong><\/td><td><strong>08:00 a 10:25 hs<\/strong><\/td><td><strong>LUNES<\/strong><\/td><td class=\"has-text-align-center\" data-align=\"center\"><strong>P5<\/strong><\/td><td><strong>Teor\u00eda de Circuitos<\/strong><\/td><\/tr><tr><td><strong>Andr\u00e9s Lage<\/strong><\/td><td><strong>08:50 a 10:25 hs<\/strong><\/td><td><strong>LUNES<\/strong><\/td><td class=\"has-text-align-center\" data-align=\"center\"><strong>P4<\/strong><\/td><td><strong>Procesamiento Anal\u00f3gico de Se\u00f1ales<\/strong><\/td><\/tr><tr><td><strong>Daniel Gandolfo<\/strong><\/td><td><strong>10:30 a 12:55 hs<\/strong><\/td><td><strong>LUNES<\/strong><\/td><td class=\"has-text-align-center\" data-align=\"center\"><strong>P4<\/strong><\/td><td><strong>Fundamentos de Disp. Electr\u00f3nicos<\/strong><\/td><\/tr><tr><td><strong>Daniel Pati\u00f1o<\/strong><\/td><td><strong>11:20 a 12:55 hs<\/strong><\/td><td><strong>LUNES<\/strong><\/td><td class=\"has-text-align-center\" data-align=\"center\"><strong>P3<\/strong><\/td><td><strong>Introducci\u00f3n a la Ingenier\u00eda<\/strong><\/td><\/tr><tr><td><strong>Ana Mar\u00eda Echenique<\/strong><\/td><td><strong>15:00 a 17:25 hs<\/strong><\/td><td><strong>LUNES<\/strong><\/td><td class=\"has-text-align-center\" data-align=\"center\"><strong>P4<\/strong><\/td><td><strong>Electr\u00f3nica Anal\u00f3gica II<\/strong><\/td><\/tr><tr><td><strong>Juan Miguel Agliozzo<\/strong><\/td><td><strong>17:30 a 20:00 hs<\/strong><\/td><td><strong>LUNES<\/strong><\/td><td class=\"has-text-align-center\" data-align=\"center\"><strong>P4<\/strong><\/td><td><strong>Fisiolog\u00eda<\/strong><\/td><\/tr><tr><td><strong>Mar\u00eda Laura Monserrat<\/strong><\/td><td><strong>15:50 a 18:15 hs<\/strong><\/td><td><strong>LUNES<\/strong><\/td><td class=\"has-text-align-center\" data-align=\"center\"><strong>P5<\/strong><\/td><td><strong>Ingenier\u00eda Legal y Ambiental<\/strong><\/td><\/tr><tr><td><strong>Eric Laciar<\/strong><\/td><td><strong>18:20 a 20:45 hs<\/strong><\/td><td><strong>LUNES<\/strong><\/td><td class=\"has-text-align-center\" data-align=\"center\"><strong>P5<\/strong><\/td><td><strong>Instrumentaci\u00f3n Biom\u00e9dica I<\/strong><\/td><\/tr><tr><td><strong>Emanuel Slawi\u00f1ski<\/strong><\/td><td><strong>15:50 a 18:15 hs<\/strong><\/td><td><strong>LUNES<\/strong><\/td><td class=\"has-text-align-center\" data-align=\"center\"><strong>P3<\/strong><\/td><td><strong>Sistemas para Control<\/strong><\/td><\/tr><tr><td><strong>Marcelo Mart\u00edn<\/strong><\/td><td><strong>18:20 a 19:55 hs<\/strong><\/td><td><strong>LUNES<\/strong><\/td><td class=\"has-text-align-center\" data-align=\"center\"><strong>P3<\/strong><\/td><td><strong>Electr\u00f3nica de Potencia<\/strong><\/td><\/tr><tr><td><strong>Jos\u00e9 Luis Nacaratto<\/strong><\/td><td><strong>15:50 a 18:15 hs<\/strong><\/td><td><strong>LUNES<\/strong><\/td><td class=\"has-text-align-center\" data-align=\"center\"><strong>P2<\/strong><\/td><td><strong>Gesti\u00f3n y Organizaci\u00f3n de la Prod.<\/strong><\/td><\/tr><tr><td><strong>Daniel G\u00f3mez<\/strong><\/td><td><strong>08:00 a 10:25 hs<\/strong><\/td><td><strong>MARTES<\/strong><\/td><td class=\"has-text-align-center\" data-align=\"center\"><strong>P3<\/strong><\/td><td><strong>Qu\u00edmica I<\/strong><\/td><\/tr><tr><td><strong>Daniel Pati\u00f1o<\/strong><\/td><td><strong>08:00 a 10:25 hs<\/strong><\/td><td><strong>MARTES<\/strong><\/td><td class=\"has-text-align-center\" data-align=\"center\"><strong>P2<\/strong><\/td><td><strong>Control I (9\/8, 18\/10, 25\/10, 1\/11)<\/strong><\/td><\/tr><tr><td><strong>Miguel Pe\u00f1a<\/strong><\/td><td><strong>08:00 a 10:25 hs<\/strong><\/td><td><strong>MARTES<\/strong><\/td><td class=\"has-text-align-center\" data-align=\"center\"><strong>P4<\/strong><\/td><td><strong>Teor\u00eda de Circuitos<\/strong><\/td><\/tr><tr><td><strong>Valentina Reznichenco<\/strong><\/td><td><strong>08:00 a 10:25 hs<\/strong><\/td><td><strong>MARTES<\/strong><\/td><td class=\"has-text-align-center\" data-align=\"center\"><strong>P5<\/strong><\/td><td><strong>Biolog\u00eda<\/strong><\/td><\/tr><tr><td><strong>Ra\u00fal Romo<\/strong><\/td><td><strong>10:30 a 12:55 hs<\/strong><\/td><td><strong>MARTES<\/strong><\/td><td class=\"has-text-align-center\" data-align=\"center\"><strong>P3<\/strong><\/td><td><strong>Instalaciones Hospitalarias<\/strong><\/td><\/tr><tr><td><strong>Hugo Fernandez<\/strong><\/td><td><strong>10:30 a 12:55 hs<\/strong><\/td><td><strong>MARTES<\/strong><\/td><td class=\"has-text-align-center\" data-align=\"center\"><strong>N2 y P4<\/strong><\/td><td><strong>Electrotecnia<\/strong><\/td><\/tr><tr><td><strong>Andr\u00e9s Lage<\/strong><\/td><td><strong>10:30 a 12:55 hs<\/strong><\/td><td><strong>MARTES<\/strong><\/td><td class=\"has-text-align-center\" data-align=\"center\"><strong>P5<\/strong><\/td><td><strong>Procesamiento Anal\u00f3gico de Se\u00f1ales<\/strong><\/td><\/tr><tr><td><strong>Fernando Di Sciascio<\/strong><\/td><td><strong>15:00 a 17:25 hs<\/strong><\/td><td><strong>MARTES<\/strong><\/td><td class=\"has-text-align-center\" data-align=\"center\"><strong>P5<\/strong><\/td><td><strong>Control II<\/strong><\/td><\/tr><tr><td><strong>Cristian Sisterna<\/strong><\/td><td><strong>17:30 a 20:00 hs<\/strong><\/td><td><strong>MARTES<\/strong><\/td><td class=\"has-text-align-center\" data-align=\"center\"><strong>P5<\/strong><\/td><td><strong>Sistemas Digitales I<\/strong><\/td><\/tr><tr><td><strong>Jos\u00e9 Luis Nacaratto<\/strong><\/td><td><strong>15:50 a 18:15 hs<\/strong><\/td><td><strong>MARTES<\/strong><\/td><td class=\"has-text-align-center\" data-align=\"center\"><strong>P4<\/strong><\/td><td><strong>Gesti\u00f3n y Organizaci\u00f3n de la Prod.<\/strong><\/td><\/tr><tr><td><strong>Carlos Soria<\/strong><\/td><td><strong>17:30 a 19:05 hs<\/strong><\/td><td><strong>MARTES<\/strong><\/td><td class=\"has-text-align-center\" data-align=\"center\"><strong>P2<\/strong><\/td><td><strong>Electr\u00f3nica Anal\u00f3gica II<\/strong><\/td><\/tr><tr><td><strong>Juan Pablo Aguiar<\/strong><\/td><td><strong>18:20 a 19:55 hs<\/strong><\/td><td><strong>MARTES<\/strong><\/td><td class=\"has-text-align-center\" data-align=\"center\"><strong>P3<\/strong><\/td><td><strong>Telecomunicaciones II<\/strong><\/td><\/tr><tr><td><strong>Valentina Reznichenco<\/strong><\/td><td><strong>08:00 a 10:25 hs<\/strong><\/td><td><strong>MIERC<\/strong><\/td><td class=\"has-text-align-center\" data-align=\"center\"><strong>P3<\/strong><\/td><td><strong>Biolog\u00eda<\/strong><\/td><\/tr><tr><td><strong>Vicente Mut<\/strong><\/td><td><strong>08:00 a 12:55 hs<\/strong><\/td><td><strong>MIERC<\/strong><\/td><td class=\"has-text-align-center\" data-align=\"center\"><strong>P2<\/strong><\/td><td><strong>Procesamiento Digital de Se\u00f1ales<\/strong><\/td><\/tr><tr><td><strong>Daniel Gandolfo<\/strong><\/td><td><strong>10:30 a 12:55 hs<\/strong><\/td><td><strong>MIERC<\/strong><\/td><td class=\"has-text-align-center\" data-align=\"center\"><strong>P5<\/strong><\/td><td><strong>Fundamentos de Disp. Electr\u00f3nicos<\/strong><\/td><\/tr><tr><td><strong>Amelin D\u00e1vila<\/strong><\/td><td><strong>08:00 a 12:55 hs<\/strong><\/td><td><strong>MIERC<\/strong><\/td><td class=\"has-text-align-center\" data-align=\"center\"><strong>P1<\/strong><\/td><td><strong>Recursos Humanos en la Empresa<\/strong><\/td><\/tr><tr><td><strong>Ana Mar\u00eda Echenique<\/strong><\/td><td><strong>15:00 a 17:25 hs<\/strong><\/td><td><strong>MIERC<\/strong><\/td><td class=\"has-text-align-center\" data-align=\"center\"><strong>P5<\/strong><\/td><td><strong>Electr\u00f3nica Anal\u00f3gica II<\/strong><\/td><\/tr><tr><td><strong>Cristian Sisterna<\/strong><\/td><td><strong>17:25 a 20:00 hs<\/strong><\/td><td><strong>MIERC<\/strong><\/td><td class=\"has-text-align-center\" data-align=\"center\"><strong>P5<\/strong><\/td><td><strong>Sistemas Digitales I<\/strong><\/td><\/tr><tr><td><strong>Mar\u00eda Laura Monserrat<\/strong><\/td><td><strong>15:50 a 18:15 hs<\/strong><\/td><td><strong>MIERC<\/strong><\/td><td class=\"has-text-align-center\" data-align=\"center\"><strong>P2<\/strong><\/td><td><strong>Ingenier\u00eda Legal y Ambiental<\/strong><\/td><\/tr><tr><td><strong>Juan Pablo Aguiar<\/strong><\/td><td><strong>17:30 a 19:05 hs<\/strong><\/td><td><strong>MIERC<\/strong><\/td><td class=\"has-text-align-center\" data-align=\"center\"><strong>P3<\/strong><\/td><td><strong>Telecomunicaciones II<\/strong><\/td><\/tr><tr><td><strong>Ra\u00fal Romo<\/strong><\/td><td><strong>18:20 a 19:55 hs<\/strong><\/td><td><strong>MIERC<\/strong><\/td><td class=\"has-text-align-center\" data-align=\"center\"><strong>P4<\/strong><\/td><td><strong>Instalaciones Hospitalarias<\/strong><\/td><\/tr><tr><td><strong>Miguel Pe\u00f1a<\/strong><\/td><td><strong>08:00 a 12:55 hs<\/strong><\/td><td><strong>JUEVES<\/strong><\/td><td class=\"has-text-align-center\" data-align=\"center\"><strong>P4<\/strong><\/td><td><strong>Teor\u00eda de Circuitos<\/strong><\/td><\/tr><tr><td><strong>Ra\u00fal Romo<\/strong><\/td><td><strong>08:00 a 10:25 hs<\/strong><\/td><td><strong>JUEVES<\/strong><\/td><td class=\"has-text-align-center\" data-align=\"center\"><strong>P3<\/strong><\/td><td><strong>Instalaciones Hospitalarias<\/strong><\/td><\/tr><tr><td><strong>Silvia Rodrigo<\/strong><\/td><td><strong>10:30 a 12:55 hs<\/strong><\/td><td><strong>JUEVES<\/strong><\/td><td class=\"has-text-align-center\" data-align=\"center\"><strong>P5<\/strong><\/td><td><strong>Biomec\u00e1nica<\/strong><\/td><\/tr><tr><td><strong>Daniel Pati\u00f1o<\/strong><\/td><td><strong>10:30 a 12:55 hs<\/strong><\/td><td><strong>JUEVES<\/strong><\/td><td class=\"has-text-align-center\" data-align=\"center\"><strong>P3<\/strong><\/td><td><strong>Introducci\u00f3n a la Ingenier\u00eda<\/strong><\/td><\/tr><tr><td><strong>Daniel G\u00f3mez<\/strong><\/td><td><strong>10:30 a 12:55 hs<\/strong><\/td><td><strong>JUEVES<\/strong><\/td><td class=\"has-text-align-center\" data-align=\"center\"><strong>P3<\/strong><\/td><td><strong>Qu\u00edmica I<\/strong><\/td><\/tr><tr><td><strong>Cristian Sisterna<\/strong><\/td><td><strong>15:00 a 17:25 hs<\/strong><\/td><td><strong>JUEVES<\/strong><\/td><td class=\"has-text-align-center\" data-align=\"center\"><strong>P5<\/strong><\/td><td><strong>Sistemas Digitales I<\/strong><\/td><\/tr><tr><td><strong>Juan Miguel Agliozzo<\/strong><\/td><td><strong>17:30 a 19:05 hs<\/strong><\/td><td><strong>JUEVES<\/strong><\/td><td class=\"has-text-align-center\" data-align=\"center\"><strong>P5<\/strong><\/td><td><strong>Fisiolog\u00eda<\/strong><\/td><\/tr><tr><td><strong>Juan Pablo Aguiar<\/strong><\/td><td><strong>19:10 a 20:45 hs<\/strong><\/td><td><strong>JUEVES<\/strong><\/td><td class=\"has-text-align-center\" data-align=\"center\"><strong>P2<\/strong><\/td><td><strong>Telecomunicaciones II<\/strong><\/td><\/tr><tr><td><strong>Carlos Soria<\/strong><\/td><td><strong>15:50 a 19:05 hs<\/strong><\/td><td><strong>JUEVES<\/strong><\/td><td class=\"has-text-align-center\" data-align=\"center\"><strong>P4<\/strong><\/td><td><strong>Electr\u00f3nica Anal\u00f3gica II<\/strong><\/td><\/tr><tr><td><strong>Marcelo Mart\u00edn<\/strong><\/td><td><strong>17:30 a 19:05 hs<\/strong><\/td><td><strong>JUEVES<\/strong><\/td><td class=\"has-text-align-center\" data-align=\"center\"><strong>P3<\/strong><\/td><td><strong>Electr\u00f3nica de Potencia<\/strong><\/td><\/tr><tr><td><strong>Eric Laciar<\/strong><\/td><td><strong>18:20 a 20:45 hs<\/strong><\/td><td><strong>JUEVES<\/strong><\/td><td class=\"has-text-align-center\" data-align=\"center\"><strong>P1<\/strong><\/td><td><strong>Instrumentaci\u00f3n Biom\u00e9dica I<\/strong><\/td><\/tr><tr><td><strong>Hugo Fern\u00e1ndez<\/strong><\/td><td><strong>08:00 a 11:15 hs<\/strong><\/td><td><strong>VIERNES<\/strong><\/td><td class=\"has-text-align-center\" data-align=\"center\"><strong>N2 y P4<\/strong><\/td><td><strong>Electrotecnia<\/strong><\/td><\/tr><tr><td><strong>Agustina Garc\u00e9s<\/strong><\/td><td><strong>08:00 a 10:25 hs<\/strong><\/td><td><strong>VIERNES<\/strong><\/td><td class=\"has-text-align-center\" data-align=\"center\"><strong>P5<\/strong><\/td><td><strong>M\u00e9todos Num\u00e9ricos<\/strong><\/td><\/tr><tr><td><strong>Daniel G\u00f3mez<\/strong><\/td><td><strong>11:20 a 12:55 hs<\/strong><\/td><td><strong>VIERNES<\/strong><\/td><td class=\"has-text-align-center\" data-align=\"center\"><strong>P3<\/strong><\/td><td><strong>Qu\u00edmica I<\/strong><\/td><\/tr><tr><td><strong>Fernando Di Sciascio<\/strong><\/td><td><strong>15:00 a 18:15 hs<\/strong><\/td><td><strong>VIERNES<\/strong><\/td><td class=\"has-text-align-center\" data-align=\"center\"><strong>P5<\/strong><\/td><td><strong>Control II<\/strong><\/td><\/tr><tr><td><strong>Juan Miguel Agliozzo<\/strong><\/td><td><strong>18:20 a 20:00 hs<\/strong><\/td><td><strong>VIERNES<\/strong><\/td><td class=\"has-text-align-center\" data-align=\"center\"><strong>P5<\/strong><\/td><td><strong>Fisiolog\u00eda<\/strong><\/td><\/tr><tr><td><strong>Emanuel Slawi\u00f1ski<\/strong><\/td><td><strong>15:50 a 18:15 hs<\/strong><\/td><td><strong>VIERNES<\/strong><\/td><td class=\"has-text-align-center\" data-align=\"center\"><strong>P4<\/strong><\/td><td><strong>Sistemas para Control<\/strong><\/td><\/tr><tr><td><strong>Eric Laciar<\/strong><\/td><td><strong>18:20 a 20:45 hs<\/strong><\/td><td><strong>VIERNES<\/strong><\/td><td class=\"has-text-align-center\" data-align=\"center\"><strong>P4<\/strong><\/td><td><strong>Instrumentaci\u00f3n Biom\u00e9dica I<\/strong><\/td><\/tr><\/tbody><\/table><\/figure>\n","protected":false},"excerpt":{"rendered":"<div class=\"entry-summary\">\nEn esta p\u00e1gina se muestra la planilla con la reservas de Proyectores y Notebook realizados por los docentes para el&hellip;\n<\/div>\n<div class=\"link-more\"><a href=\"https:\/\/dea.unsj.edu.ar\/principal\/docentes\/reserva-de-proyector-y-notebook\/reserva-semanal-de-proyector-y-notebook-semestre-par\/\" class=\"more-link\">Continue reading<span class=\"screen-reader-text\"> &ldquo;Reserva Semanal de Proyector Y Notebook (Semestre Par) 2022&rdquo;<\/span>&hellip;<\/a><\/div>\n","protected":false},"author":1,"featured_media":0,"parent":953,"menu_order":0,"comment_status":"closed","ping_status":"closed","template":"","meta":{"_acf_changed":false,"jetpack_post_was_ever_published":false,"footnotes":""},"class_list":["post-967","page","type-page","status-publish","hentry","entry"],"acf":[],"jetpack_sharing_enabled":true,"jetpack_shortlink":"https:\/\/wp.me\/PaLbeA-fB","_links":{"self":[{"href":"https:\/\/dea.unsj.edu.ar\/principal\/wp-json\/wp\/v2\/pages\/967","targetHints":{"allow":["GET"]}}],"collection":[{"href":"https:\/\/dea.unsj.edu.ar\/principal\/wp-json\/wp\/v2\/pages"}],"about":[{"href":"https:\/\/dea.unsj.edu.ar\/principal\/wp-json\/wp\/v2\/types\/page"}],"author":[{"embeddable":true,"href":"https:\/\/dea.unsj.edu.ar\/principal\/wp-json\/wp\/v2\/users\/1"}],"replies":[{"embeddable":true,"href":"https:\/\/dea.unsj.edu.ar\/principal\/wp-json\/wp\/v2\/comments?post=967"}],"version-history":[{"count":0,"href":"https:\/\/dea.unsj.edu.ar\/principal\/wp-json\/wp\/v2\/pages\/967\/revisions"}],"up":[{"embeddable":true,"href":"https:\/\/dea.unsj.edu.ar\/principal\/wp-json\/wp\/v2\/pages\/953"}],"wp:attachment":[{"href":"https:\/\/dea.unsj.edu.ar\/principal\/wp-json\/wp\/v2\/media?parent=967"}],"curies":[{"name":"wp","href":"https:\/\/api.w.org\/{rel}","templated":true}]}}