{"id":730,"date":"2019-03-01T11:51:33","date_gmt":"2019-03-01T14:51:33","guid":{"rendered":"http:\/\/dea.unsj.edu.ar\/principal\/?page_id=730"},"modified":"2026-03-13T11:18:51","modified_gmt":"2026-03-13T14:18:51","slug":"cronograma-de-la-jornada-de-materias-optativas","status":"publish","type":"page","link":"https:\/\/dea.unsj.edu.ar\/principal\/oferta-academica\/jornada-de-materias-optativas\/cronograma-de-la-jornada-de-materias-optativas\/","title":{"rendered":"Cronograma de la Jornada de Materias Optativas (2026)"},"content":{"rendered":"\n<p><strong>VIERNES 20 DE MARZO DE 2026 de 10:30 a 11:20<\/strong><\/p>\n\n\n\n<p><strong>SOLO ELECTR\u00d3NICA<\/strong><\/p>\n\n\n\n<figure class=\"wp-block-table\"><table class=\"has-fixed-layout\"><tbody><tr><td><strong>Asignatura<\/strong><strong><\/strong><\/td><\/tr><tr><td><strong>Sistemas Industriales para Control (ELO)<\/strong> <strong>(Dr. Ing. Andr\u00e9s Lage)<\/strong><\/td><\/tr><tr><td><strong>Complementos de Electr\u00f3nica Anal\u00f3gica I (ELO)<\/strong> <strong>(Ing. Enrique \u00c1vila)<\/strong><\/td><\/tr><tr><td><strong>Herramientas Gerenciales (ELO)<\/strong> <strong>(Lic. Valeria Soria)<\/strong><\/td><\/tr><tr><td><strong>Instalaciones de Energ\u00eda El\u00e9ctrica (ELO)<\/strong> <strong>(Ing. Santiago Tosetti)<\/strong><\/td><\/tr><tr><td><strong>Temas Espec\u00edficos de Telecomunicaciones I (ELO)<\/strong> <strong>(Ing. Rodolfo Arroqui)<\/strong><\/td><\/tr><tr><td><strong>Temas Espec\u00edficos de Telecomunicaciones III<\/strong> <strong>(ELO)<\/strong> <strong>(Dr. Ing. Marcelo Segura)<\/strong><\/td><\/tr><tr><td><strong>Redes De Datos (ELO)<\/strong> <strong>(Ing. Miguel Morandi)<\/strong><\/td><\/tr><tr><td><strong>Pr\u00e1ctica Profesional Supervisada de Ingenier\u00eda Electr\u00f3nica<br><\/strong><strong>(Ing. Jorge Sarapura)<\/strong><strong><\/strong><\/td><\/tr><tr><td><strong>Trabajo Final<\/strong> <strong>(Dr. Ing. Claudio Rosales)<\/strong><strong><\/strong><\/td><\/tr><\/tbody><\/table><\/figure>\n\n\n\n<p><strong>VIERNES 20 DE MARZO DE 2026 de 11:20 a 12:10<\/strong><\/p>\n\n\n\n<p><strong>ELECTR\u00d3NICA<\/strong><strong> y <\/strong><strong>BIOINGENIER\u00cdA<\/strong><strong><\/strong><\/p>\n\n\n\n<figure class=\"wp-block-table\"><table class=\"has-fixed-layout\"><tbody><tr><td><strong>Asignatura <\/strong><strong><\/strong><\/td><\/tr><tr><td><strong>Complementos de Inform\u00e1tica (ELO)<\/strong> <strong>Complementos de Inform\u00e1tica (BIO-Tecnol\u00f3gica)<\/strong> <strong>(Dr. Ing. Diego Santiago)<\/strong><\/td><\/tr><tr><td><strong>Microcontroladores (ELO)<\/strong> <strong>Complementos de Electr\u00f3nica Digital (BIO-Tecnol\u00f3gica)<\/strong> <strong>Ing. Eugenio Orosco<\/strong><\/td><\/tr><tr><td><strong>Temas Espec\u00edficos de Electr\u00f3nica Digital I<\/strong> <strong>Dise\u00f1o de Sistemas Digitales Avanzados (BIO-Tecnol\u00f3gica)<\/strong> <strong>(Gabriel Ca\u00f1ada, Cristian Sisterna)<\/strong><\/td><\/tr><tr><td><strong>Complementos de Inteligencia Artificial (ELO)<\/strong> <strong>Inteligencia Artificial (BIO-Tecnol\u00f3gica)<\/strong> <strong>(Ing. Ra\u00fal Klenzi)<\/strong><\/td><\/tr><tr><td><strong>Introducci\u00f3n a la Rob\u00f3tica (ELO)<\/strong> <strong>Introducci\u00f3n a la Rob\u00f3tica (BIO-Tecnol\u00f3gica)<\/strong> <strong>(Dr. Ing. Humberto Secchi)<\/strong><\/td><\/tr><tr><td><strong>Complementos de Electr\u00f3nica Anal\u00f3gica II <\/strong><strong>(Sonido y Mediciones Ac\u00fasticas)<\/strong><strong>(ELO)<\/strong> <strong>Ac\u00fastica y Electroac\u00fastica (BIO)<\/strong> <strong>(Dr. Ernesto Accolti)<\/strong><\/td><\/tr><\/tbody><\/table><\/figure>\n\n\n\n<p><strong>VIERNES 20 DE MARZO DE 2026 DE 12:10 A 13:00.<\/strong><\/p>\n\n\n\n<p><strong>Solo BIOINGENIER\u00cdA<\/strong><\/p>\n\n\n\n<figure class=\"wp-block-table\"><table class=\"has-fixed-layout\"><tbody><tr><td><strong>Asignatura <\/strong><strong><\/strong><\/td><\/tr><tr><td><strong>Relaciones Humanas y Din\u00e1mica de Grupos (BIO-Human\u00edstica)<\/strong> <strong>Lic. Amelin D\u00e1vila, Lic. Guillermina Cort\u00e9z<\/strong><strong><\/strong><\/td><\/tr><tr><td><strong>Laboratorio de Innovaci\u00f3n: Formaci\u00f3n en Competencias Transversales<\/strong> <strong>(BIO-Human\u00edstica)<\/strong> <strong>Paula Seminara<\/strong><strong><\/strong><\/td><\/tr><tr><td><strong>Procesamiento y An\u00e1lisis Avanzado de Se\u00f1ales Biom\u00e9dicas (BIO, Tecnol\u00f3gica)<\/strong> <strong>Dr. Ing. Eric Laciar Leber<\/strong><\/td><\/tr><tr><td><strong>Ciencia de Datos e Inteligencia Artificial<\/strong> <strong>Pablo Diez, Luis Romero<\/strong><\/td><\/tr><tr><td><strong>Organizaci\u00f3n de los Sistemas de Salud (BIO, Tecnol\u00f3gica)<\/strong> <strong>CPN. Daniel Naccarato, Bioing. Sergio Daniel P\u00e9rez<\/strong><\/td><\/tr><tr><td><strong>Administraci\u00f3n de Hospitales (BIO, Tecnol\u00f3gica)<\/strong> <strong>Bioing. Sergio Daniel P\u00e9rez<\/strong><\/td><\/tr><tr><td><strong>Neuroingenier\u00eda y Nerorehabilitaci\u00f3n<\/strong> <strong>Dr. Bioing. Natalia L\u00f3pez<\/strong><\/td><\/tr><tr><td><strong>Inform\u00e1tica M\u00e9dica (BIO, Tecnol\u00f3gica)<\/strong> <strong>Dr. Ing. Juan Pablo Graffigna<\/strong><\/td><\/tr><tr><td><strong>Laboratorio de Innovaci\u00f3n: Formaci\u00f3n en Competencias Transversales.<\/strong> <strong>Paula Seminara<\/strong><\/td><\/tr><tr><td><strong>Radiobiolog\u00eda y Radioprotecci\u00f3n<\/strong> <strong>Sergio Mosconi<\/strong><\/td><\/tr><tr><td><strong>Pr\u00e1ctica Profesional Supervisada de Bioingenier\u00eda<\/strong> <strong>(Ing. Andr\u00e9s Valdez y Ing. Raul Romo)<\/strong><\/td><\/tr><tr><td><strong>Trabajo Final de Bioingenier\u00eda<\/strong> <strong>(Ing. Carina Herrera)<\/strong><\/td><\/tr><\/tbody><\/table><\/figure>\n","protected":false},"excerpt":{"rendered":"<div class=\"entry-summary\">\nCronograma de la Jornada de Materias Optativas\n<\/div>\n<div class=\"link-more\"><a href=\"https:\/\/dea.unsj.edu.ar\/principal\/oferta-academica\/jornada-de-materias-optativas\/cronograma-de-la-jornada-de-materias-optativas\/\" class=\"more-link\">Continue reading<span class=\"screen-reader-text\"> &ldquo;Cronograma de la Jornada de Materias Optativas (2026)&rdquo;<\/span>&hellip;<\/a><\/div>\n","protected":false},"author":1,"featured_media":0,"parent":726,"menu_order":0,"comment_status":"closed","ping_status":"closed","template":"","meta":{"_acf_changed":false,"jetpack_post_was_ever_published":true,"footnotes":""},"class_list":["post-730","page","type-page","status-publish","hentry","entry"],"acf":[],"jetpack_sharing_enabled":true,"jetpack_shortlink":"https:\/\/wp.me\/PaLbeA-bM","_links":{"self":[{"href":"https:\/\/dea.unsj.edu.ar\/principal\/wp-json\/wp\/v2\/pages\/730","targetHints":{"allow":["GET"]}}],"collection":[{"href":"https:\/\/dea.unsj.edu.ar\/principal\/wp-json\/wp\/v2\/pages"}],"about":[{"href":"https:\/\/dea.unsj.edu.ar\/principal\/wp-json\/wp\/v2\/types\/page"}],"author":[{"embeddable":true,"href":"https:\/\/dea.unsj.edu.ar\/principal\/wp-json\/wp\/v2\/users\/1"}],"replies":[{"embeddable":true,"href":"https:\/\/dea.unsj.edu.ar\/principal\/wp-json\/wp\/v2\/comments?post=730"}],"version-history":[{"count":2,"href":"https:\/\/dea.unsj.edu.ar\/principal\/wp-json\/wp\/v2\/pages\/730\/revisions"}],"predecessor-version":[{"id":4582,"href":"https:\/\/dea.unsj.edu.ar\/principal\/wp-json\/wp\/v2\/pages\/730\/revisions\/4582"}],"up":[{"embeddable":true,"href":"https:\/\/dea.unsj.edu.ar\/principal\/wp-json\/wp\/v2\/pages\/726"}],"wp:attachment":[{"href":"https:\/\/dea.unsj.edu.ar\/principal\/wp-json\/wp\/v2\/media?parent=730"}],"curies":[{"name":"wp","href":"https:\/\/api.w.org\/{rel}","templated":true}]}}