{"id":491,"date":"2017-07-12T16:43:23","date_gmt":"2017-07-12T14:43:23","guid":{"rendered":"http:\/\/themedemos.webmandesign.eu\/reykjavik\/?page_id=15"},"modified":"2017-07-12T16:43:23","modified_gmt":"2017-07-12T14:43:23","slug":"home","status":"publish","type":"page","link":"https:\/\/dea.unsj.edu.ar\/principal\/home\/","title":{"rendered":"Bienvenidos al DEA"},"content":{"rendered":"\n<p class=\"h3\">El Departamento de Electr\u00f3nica y Autom\u00e1tica, o brevemente DEA, es una de las 10 Unidades Acad\u00e9micas de la Facultad de Ingenier\u00eda de La Universidad Nacional de San Juan (Argentina).<\/p>\n\n\n\n<ul class=\"wp-block-gallery columns-3 is-cropped wp-block-gallery-1 is-layout-flex wp-block-gallery-is-layout-flex\"><li class=\"blocks-gallery-item\"><figure><img loading=\"lazy\" decoding=\"async\" width=\"774\" height=\"1032\" src=\"http:\/\/dea.unsj.edu.ar\/principal\/wp-content\/uploads\/2019\/03\/DEA8.jpg\" alt=\"Edificio del DEA\" data-id=\"1302\" data-link=\"http:\/\/dea.unsj.edu.ar\/principal\/dea8\/\" class=\"wp-image-1302\" srcset=\"https:\/\/dea.unsj.edu.ar\/principal\/wp-content\/uploads\/2019\/03\/DEA8.jpg 774w, https:\/\/dea.unsj.edu.ar\/principal\/wp-content\/uploads\/2019\/03\/DEA8-225x300.jpg 225w, https:\/\/dea.unsj.edu.ar\/principal\/wp-content\/uploads\/2019\/03\/DEA8-768x1024.jpg 768w\" sizes=\"auto, (max-width: 774px) 100vw, 774px\" \/><figcaption>Edificio del DEA<\/figcaption><\/figure><\/li><li class=\"blocks-gallery-item\"><figure><img loading=\"lazy\" decoding=\"async\" width=\"1032\" height=\"774\" src=\"http:\/\/dea.unsj.edu.ar\/principal\/wp-content\/uploads\/2019\/03\/DEA7.jpg\" alt=\"Edificio del DEA\" data-id=\"1301\" data-link=\"http:\/\/dea.unsj.edu.ar\/principal\/dea7\/\" class=\"wp-image-1301\" srcset=\"https:\/\/dea.unsj.edu.ar\/principal\/wp-content\/uploads\/2019\/03\/DEA7.jpg 1032w, https:\/\/dea.unsj.edu.ar\/principal\/wp-content\/uploads\/2019\/03\/DEA7-300x225.jpg 300w, https:\/\/dea.unsj.edu.ar\/principal\/wp-content\/uploads\/2019\/03\/DEA7-1024x768.jpg 1024w, https:\/\/dea.unsj.edu.ar\/principal\/wp-content\/uploads\/2019\/03\/DEA7-768x576.jpg 768w\" sizes=\"auto, (max-width: 1032px) 100vw, 1032px\" \/><figcaption>Edificio del DEA<\/figcaption><\/figure><\/li><li class=\"blocks-gallery-item\"><figure><img loading=\"lazy\" decoding=\"async\" width=\"1032\" height=\"774\" src=\"http:\/\/dea.unsj.edu.ar\/principal\/wp-content\/uploads\/2019\/03\/DEA6.jpg\" alt=\"Edificio Constantini\" data-id=\"1300\" data-link=\"http:\/\/dea.unsj.edu.ar\/principal\/dea6\/\" class=\"wp-image-1300\" srcset=\"https:\/\/dea.unsj.edu.ar\/principal\/wp-content\/uploads\/2019\/03\/DEA6.jpg 1032w, https:\/\/dea.unsj.edu.ar\/principal\/wp-content\/uploads\/2019\/03\/DEA6-300x225.jpg 300w, https:\/\/dea.unsj.edu.ar\/principal\/wp-content\/uploads\/2019\/03\/DEA6-1024x768.jpg 1024w, https:\/\/dea.unsj.edu.ar\/principal\/wp-content\/uploads\/2019\/03\/DEA6-768x576.jpg 768w\" sizes=\"auto, (max-width: 1032px) 100vw, 1032px\" \/><figcaption>Edificio Constantini<\/figcaption><\/figure><\/li><\/ul>\n\n\n\n<hr class=\"wp-block-separator\"\/>\n","protected":false},"excerpt":{"rendered":"<div class=\"entry-summary\">\nEl Departamento de Electr\u00f3nica y Autom\u00e1tica, o brevemente DEA, es una de las 10 Unidades Acad\u00e9micas de la Facultad de&hellip;\n<\/div>\n<div class=\"link-more\"><a href=\"https:\/\/dea.unsj.edu.ar\/principal\/home\/\" class=\"more-link\">Continue reading<span class=\"screen-reader-text\"> &ldquo;Bienvenidos al DEA&rdquo;<\/span>&hellip;<\/a><\/div>\n","protected":false},"author":1,"featured_media":0,"parent":0,"menu_order":0,"comment_status":"closed","ping_status":"closed","template":"page-template\/_front.php","meta":{"_acf_changed":false,"jetpack_post_was_ever_published":false,"footnotes":""},"class_list":["post-491","page","type-page","status-publish","hentry","entry"],"acf":[],"jetpack_sharing_enabled":true,"jetpack_shortlink":"https:\/\/wp.me\/PaLbeA-7V","_links":{"self":[{"href":"https:\/\/dea.unsj.edu.ar\/principal\/wp-json\/wp\/v2\/pages\/491","targetHints":{"allow":["GET"]}}],"collection":[{"href":"https:\/\/dea.unsj.edu.ar\/principal\/wp-json\/wp\/v2\/pages"}],"about":[{"href":"https:\/\/dea.unsj.edu.ar\/principal\/wp-json\/wp\/v2\/types\/page"}],"author":[{"embeddable":true,"href":"https:\/\/dea.unsj.edu.ar\/principal\/wp-json\/wp\/v2\/users\/1"}],"replies":[{"embeddable":true,"href":"https:\/\/dea.unsj.edu.ar\/principal\/wp-json\/wp\/v2\/comments?post=491"}],"version-history":[{"count":0,"href":"https:\/\/dea.unsj.edu.ar\/principal\/wp-json\/wp\/v2\/pages\/491\/revisions"}],"wp:attachment":[{"href":"https:\/\/dea.unsj.edu.ar\/principal\/wp-json\/wp\/v2\/media?parent=491"}],"curies":[{"name":"wp","href":"https:\/\/api.w.org\/{rel}","templated":true}]}}