{"id":38,"date":"2019-02-19T11:23:49","date_gmt":"2019-02-19T14:23:49","guid":{"rendered":"http:\/\/dea.unsj.edu.ar\/principal\/?page_id=38"},"modified":"2019-02-19T11:23:49","modified_gmt":"2019-02-19T14:23:49","slug":"ingenieria-electronica","status":"publish","type":"page","link":"https:\/\/dea.unsj.edu.ar\/principal\/oferta-academica\/ingenieria-electronica\/","title":{"rendered":"Ingenier\u00eda Electr\u00f3nica"},"content":{"rendered":"\n<p><strong>T\u00edtulo: <\/strong>Ingeniero en Electr\u00f3nica<br><strong>Duraci\u00f3n: <\/strong>10 Semestres<br><strong>Nivel: <\/strong>Grado <\/p>\n\n\n\n<p><\/p>\n\n\n\n<h2 class=\"wp-block-heading\">\u00bfQu\u00e9 es la Ingenier\u00eda Electr\u00f3nica?<\/h2>\n\n\n\n<p>Es una de las ramas de la ingenier\u00eda que m\u00e1s revolucion\u00f3 la civilizaci\u00f3n.<\/p>\n\n\n\n<p>La Ingenier\u00eda Electr\u00f3nica se encarga de resolver problemas de la ingenier\u00eda tales como:<\/p>\n\n\n\n<ul class=\"wp-block-list\">\n<li>El control, automatizaci\u00f3n y robotizaci\u00f3n de sistemas e industrias.<\/li>\n\n\n\n<li>El dise\u00f1o y utilizaci\u00f3n de dispositivos digitales tales como lo de computaci\u00f3n.<\/li>\n\n\n\n<li>El dise\u00f1o y puesta en funcionamiento de sistemas de comunicaciones tales como radio, internet, telefon\u00eda y televisi\u00f3n<\/li>\n\n\n\n<li>El dise\u00f1o de sistema de procesamiento de se\u00f1ales &nbsp;para el funcionamiento de diversos aparatos el\u00e9ctricos.<\/li>\n<\/ul>\n\n\n\n<h3 class=\"wp-block-heading\">\u00bfD\u00f3nde Trabaja un Ingeniero Electr\u00f3nico?<\/h3>\n\n\n\n<p>El\nIngeniero Electr\u00f3nico podr\u00e1 ejercer su profesi\u00f3n en actividades relacionadas\ncon:<\/p>\n\n\n\n<ul class=\"wp-block-list\">\n<li>Industria pesada, industria liviana, empresas de comunicaciones,\nempresas de generaci\u00f3n de energ\u00eda, empresas de procesamiento de la informaci\u00f3n,\ncentros asistenciales de salud, centros de ense\u00f1anza e investigaci\u00f3n. Actividad\nPrivada.<\/li>\n<\/ul>\n\n\n\n<h3 class=\"wp-block-heading\">\u00bfPor qu\u00e9 se necesitan los Ingenieros Electr\u00f3nicos?<\/h3>\n\n\n\n<p>El\ningeniero, en su doble perspectiva cient\u00edfico-operativa, debe:<\/p>\n\n\n\n<ul class=\"wp-block-list\">\n<li>Constituirse en un profesional integral, capacitado para actuar\npositivamente frente a los m\u00faltiples problemas socio-culturales y econ\u00f3micos de\nsu pa\u00eds.<\/li>\n\n\n\n<li>Poseer un equilibrio arm\u00f3nico entre el saber te\u00f3rico y el saber\naplicado.<\/li>\n\n\n\n<li>Demostrar su creatividad, tanto en la adaptaci\u00f3n del saber\nadquirido a los prop\u00f3sitos particulares de situaciones que se planteen, como en\nla generaci\u00f3n de nuevas tecnolog\u00edas.<\/li>\n\n\n\n<li>Ser reflexivo y capaz de tomar decisiones en su campo espec\u00edfico y\nen otras esferas en que le correspondiese actuar.<\/li>\n\n\n\n<li>Ser capaz de abordar tareas de investigaci\u00f3n y desarrollo que le\npermitan resolver cient\u00edficamente los problemas.<\/li>\n\n\n\n<li>Estar capacitado para actualizarse permanentemente.<\/li>\n<\/ul>\n\n\n\n<p>El\nconstante cambio tecnol\u00f3gico requiere de un Ingeniero en Electr\u00f3nica con:<\/p>\n\n\n\n<ul class=\"wp-block-list\">\n<li>Formaci\u00f3n adecuada en ciencias b\u00e1sicas para la ingenier\u00eda\n     electr\u00f3nica (Matem\u00e1tica, F\u00edsica, Qu\u00edmica e Inform\u00e1tica).<\/li>\n\n\n\n<li>Formaci\u00f3n adecuada en tecnolog\u00edas b\u00e1sicas para la ingenier\u00eda\n     electr\u00f3nica (Electr\u00f3nica b\u00e1sica, control y sistemas de comunicaciones).<\/li>\n<\/ul>\n\n\n\n<p>Preparaci\u00f3n\nde base en tecnolog\u00edas aplicadas, tales como: <\/p>\n\n\n\n<ul class=\"wp-block-list\">\n<li>Control Autom\u00e1tico<\/li>\n\n\n\n<li>Telecomunicaciones<\/li>\n\n\n\n<li>Electr\u00f3nica de Potencia <\/li>\n\n\n\n<li>Sistemas de Computaci\u00f3n<\/li>\n\n\n\n<li>Inform\u00e1tica Aplicada<\/li>\n<\/ul>\n\n\n\n<p>Preparaci\u00f3n\nde base en actividades complementarias a la Ingenier\u00eda Electr\u00f3nica, tales como:<\/p>\n\n\n\n<ul class=\"wp-block-list\">\n<li>Nociones b\u00e1sicas de la planificaci\u00f3n y administraci\u00f3n      recursos humanos, t\u00e9cnicos y econ\u00f3micos.<\/li>\n\n\n\n<li>Concepto funcional de la estructura operativa e Ingenier\u00eda.<\/li>\n\n\n\n<li>Aspectos de la Ingenier\u00eda Legal.<\/li>\n<\/ul>\n\n\n\n<h2 class=\"wp-block-heading\">\u00bfQu\u00e9 necesit\u00e1s para cursar Ingenier\u00eda Electr\u00f3nica?<\/h2>\n\n\n\n<p>Ten\u00e9s que haber egresado del nivel secundario y\/o satisfacer los requisitos exigidos por la U.N.S.J. para ingreso a las carreras de grado.<\/p>\n\n\n\n<p><strong>B\u00e1sicamente son los siguientes:<\/strong><\/p>\n\n\n\n<ul class=\"wp-block-list\">\n<li>T\u00edtulo secundario.<\/li>\n\n\n\n<li>Los\/as estudiantes mayores de 25 a\u00f1os que no tengan aprobado el nivel<br>medio de ense\u00f1anza, podr\u00e1n acceder a la carrera, previa aprobaci\u00f3n de los<br>ex\u00e1menes correspondientes y requisitos establecidos por la Universidad<br>Nacional de San Juan.<\/li>\n\n\n\n<li>Titulaci\u00f3n extranjera sujeta a la normativa vigente de esta Casa de Estudios<br>al momento del ingreso.<\/li>\n\n\n\n<li>Aprobar los requerimientos que la instituci\u00f3n establece respecto al ingreso.<\/li>\n<\/ul>\n\n\n\n<p><\/p>\n\n\n\n<p><strong>PLAN 2023<\/strong><\/p>\n\n\n\n<div data-wp-interactive=\"core\/file\" class=\"wp-block-file\"><object data-wp-bind--hidden=\"!state.hasPdfPreview\" hidden class=\"wp-block-file__embed\" data=\"http:\/\/dea.unsj.edu.ar\/principal\/wp-content\/uploads\/2022\/11\/ICO20220002-Aprueba-Plan-Ing.-Electronia.pdf\" type=\"application\/pdf\" style=\"width:100%;height:600px\" aria-label=\"Incrustado de ICO20220002-Aprueba-Plan-Ing.-Electronia.\"><\/object><a id=\"wp-block-file--media-cf9df865-ffc2-4dfc-a7b9-f0f53801ff6b\" href=\"http:\/\/dea.unsj.edu.ar\/principal\/wp-content\/uploads\/2022\/11\/ICO20220002-Aprueba-Plan-Ing.-Electronia.pdf\">ICO20220002-Aprueba-Plan-Ing.-Electronia<\/a><a href=\"http:\/\/dea.unsj.edu.ar\/principal\/wp-content\/uploads\/2022\/11\/ICO20220002-Aprueba-Plan-Ing.-Electronia.pdf\" class=\"wp-block-file__button wp-element-button\" download aria-describedby=\"wp-block-file--media-cf9df865-ffc2-4dfc-a7b9-f0f53801ff6b\">Descarga<\/a><\/div>\n\n\n\n<p><strong>PLAN 2014<\/strong><\/p>\n\n\n\n<div data-wp-interactive=\"core\/file\" class=\"wp-block-file\"><object data-wp-bind--hidden=\"!state.hasPdfPreview\" hidden class=\"wp-block-file__embed\" data=\"http:\/\/dea.unsj.edu.ar\/principal\/wp-content\/uploads\/2019\/03\/ICO20120002-Plan-de-estudio-Electr\u00f3nica-2012.pdf\" type=\"application\/pdf\" style=\"width:100%;height:600px\" aria-label=\"Incrustado de ICO20120002-Plan de estudio Electr\u00f3nica 2012.\"><\/object><a id=\"wp-block-file--media-f4bfd93e-34b3-4a6e-965d-1d8f3801c730\" href=\"http:\/\/dea.unsj.edu.ar\/principal\/wp-content\/uploads\/2019\/03\/ICO20120002-Plan-de-estudio-Electr\u00f3nica-2012.pdf\">ICO20120002-Plan de estudio Electr\u00f3nica 2012<\/a><a href=\"http:\/\/dea.unsj.edu.ar\/principal\/wp-content\/uploads\/2019\/03\/ICO20120002-Plan-de-estudio-Electr\u00f3nica-2012.pdf\" class=\"wp-block-file__button wp-element-button\" download aria-describedby=\"wp-block-file--media-f4bfd93e-34b3-4a6e-965d-1d8f3801c730\">Descarga<\/a><\/div>\n\n\n\n<p><\/p>\n\n\n\n<p><\/p>\n","protected":false},"excerpt":{"rendered":"<div class=\"entry-summary\">\nT\u00edtulo: Ingeniero en Electr\u00f3nicaDuraci\u00f3n: 10 SemestresNivel: Grado \u00bfQu\u00e9 es la Ingenier\u00eda Electr\u00f3nica? Es una de las ramas de la ingenier\u00eda&hellip;\n<\/div>\n<div class=\"link-more\"><a href=\"https:\/\/dea.unsj.edu.ar\/principal\/oferta-academica\/ingenieria-electronica\/\" class=\"more-link\">Continue reading<span class=\"screen-reader-text\"> &ldquo;Ingenier\u00eda Electr\u00f3nica&rdquo;<\/span>&hellip;<\/a><\/div>\n","protected":false},"author":1,"featured_media":1081,"parent":562,"menu_order":0,"comment_status":"closed","ping_status":"closed","template":"","meta":{"_acf_changed":false,"jetpack_post_was_ever_published":false,"footnotes":""},"class_list":["post-38","page","type-page","status-publish","has-post-thumbnail","hentry","entry"],"acf":[],"jetpack_sharing_enabled":true,"jetpack_shortlink":"https:\/\/wp.me\/PaLbeA-C","_links":{"self":[{"href":"https:\/\/dea.unsj.edu.ar\/principal\/wp-json\/wp\/v2\/pages\/38","targetHints":{"allow":["GET"]}}],"collection":[{"href":"https:\/\/dea.unsj.edu.ar\/principal\/wp-json\/wp\/v2\/pages"}],"about":[{"href":"https:\/\/dea.unsj.edu.ar\/principal\/wp-json\/wp\/v2\/types\/page"}],"author":[{"embeddable":true,"href":"https:\/\/dea.unsj.edu.ar\/principal\/wp-json\/wp\/v2\/users\/1"}],"replies":[{"embeddable":true,"href":"https:\/\/dea.unsj.edu.ar\/principal\/wp-json\/wp\/v2\/comments?post=38"}],"version-history":[{"count":0,"href":"https:\/\/dea.unsj.edu.ar\/principal\/wp-json\/wp\/v2\/pages\/38\/revisions"}],"up":[{"embeddable":true,"href":"https:\/\/dea.unsj.edu.ar\/principal\/wp-json\/wp\/v2\/pages\/562"}],"wp:featuredmedia":[{"embeddable":true,"href":"https:\/\/dea.unsj.edu.ar\/principal\/wp-json\/wp\/v2\/media\/1081"}],"wp:attachment":[{"href":"https:\/\/dea.unsj.edu.ar\/principal\/wp-json\/wp\/v2\/media?parent=38"}],"curies":[{"name":"wp","href":"https:\/\/api.w.org\/{rel}","templated":true}]}}