{"id":3523,"date":"2023-04-02T09:45:49","date_gmt":"2023-04-02T12:45:49","guid":{"rendered":"http:\/\/dea.unsj.edu.ar\/principal\/?page_id=3523"},"modified":"2023-04-02T09:45:49","modified_gmt":"2023-04-02T12:45:49","slug":"informacion-diplomatura-en-reparacion-de-equipamiento-medico","status":"publish","type":"page","link":"https:\/\/dea.unsj.edu.ar\/principal\/oferta-academica\/diplomatura-en-reparacion-de-equipamiento-medico\/informacion-diplomatura-en-reparacion-de-equipamiento-medico\/","title":{"rendered":"Informaci\u00f3n: Diplomatura en Reparaci\u00f3n de Equipamiento M\u00e9dico"},"content":{"rendered":"\n<h1 class=\"wp-block-heading\">ORGANIZACI\u00d3N Y DICTADO<\/h1>\n\n\n\n<h2 class=\"wp-block-heading\">Objetivos<\/h2>\n\n\n\n<p>El objetivo general consiste en capacitar a recursos humanos en aspectos te\u00f3rico-pr\u00e1cticos para realizar tareas de reparaci\u00f3n de dispositivos m\u00e9dicos, generando buenas pr\u00e1cticas de manipulaci\u00f3n, mantenimiento y calibraci\u00f3n de equipos biom\u00e9dicos. La misma abarca conceptos te\u00f3ricos que ser\u00e1n aplicados mediante experiencias pr\u00e1cticas que se desarrollar\u00e1n durante el trayecto formativo.<\/p>\n\n\n\n<h2 class=\"wp-block-heading\">Justificaci\u00f3n<\/h2>\n\n\n\n<p>Los dispositivos m\u00e9dicos son elementos cr\u00edticos a la hora de realizar un diagn\u00f3stico o tratamiento a pacientes de distinta complejidad. Es por ello que la figura del Bioingeniero ha tomado gran relevancia en este \u00faltimo tiempo, principalmente asociado a la pandemia de Covid-19, la cual ha sido gran protagonista en todo el mundo. Junto a este profesional es fundamental que haya personal t\u00e9cnico capacitado en equipamiento m\u00e9dico para lograr el correcto funcionamiento de los mismos a trav\u00e9s de un esquema de mantenimientos preventivos y correctivos (reparaci\u00f3n).<\/p>\n\n\n\n<p>Sumado a esto, consultando con los distintos efectores de la salud en la provincia de San Juan, tanto en el \u00e1rea p\u00fablica como privada, se demostr\u00f3 un gran inter\u00e9s en la formaci\u00f3n de personal en esta \u00e1rea, tan importante para garantizar el correcto funcionamiento de equipos fundamentales para la vida del paciente.<\/p>\n\n\n\n<p>Es por lo manifestado que se considera que en la provincia de San Juan existe un \u00e1rea de vacancia referido a personal que repara el equipamiento m\u00e9dico, con lo cual ser\u00eda fundamental una capacitaci\u00f3n general en este sector.<\/p>\n\n\n\n<p>Por tal motivo, mediante esta Diplomatura de Extensi\u00f3n Universitaria, se pretende capacitar en tecnolog\u00eda m\u00e9dica a trabajadores con la finalidad de brindarles herramientas que luego les permitan realizar el correcto mantenimiento, optimizando el uso de equipamiento m\u00e9dico.<\/p>\n\n\n\n<h2 class=\"wp-block-heading\">Unidad Responsable<\/h2>\n\n\n\n<p>Departamento de Electr\u00f3nica y Autom\u00e1tica: Jefe de departamento: Dra. Bioing. Mar\u00eda Elisa Perez Berenguer<\/p>\n\n\n\n<h2 class=\"wp-block-heading\">Coordinador<\/h2>\n\n\n\n<p>Dr. Ing. Victor Luciano Carmona Viglianco. Profesor Asociado del Departamento de Electr\u00f3nica y Autom\u00e1tica (DEA) de la Facultad de Ingenier\u00eda de la UNSJ.<\/p>\n\n\n\n<h2 class=\"wp-block-heading\">Comit\u00e9 Organizador<\/h2>\n\n\n\n<ul class=\"wp-block-list\">\n<li>Dr. Ing. Victor Luciano Carmona Viglianco.<\/li>\n\n\n\n<li>Mg. Bioing. Alfredo Garcia.<\/li>\n\n\n\n<li>Dr. Ing. Juan Pablo Graffigna Vaggione.<\/li>\n<\/ul>\n\n\n\n<h2 class=\"wp-block-heading\">Profesores<\/h2>\n\n\n\n<ul class=\"wp-block-list\">\n<li>Pablo Federico Diez&nbsp;<\/li>\n\n\n\n<li>Ra\u00fal Romo Do\u00f1a<\/li>\n\n\n\n<li>Gonzalo Alfredo Quiroga Dominguez<\/li>\n\n\n\n<li>Ana Mar\u00eda Echenique<\/li>\n\n\n\n<li>Mar\u00eda Lourdes Camargo Correa<\/li>\n\n\n\n<li>Enrique Mario Avila Perona<\/li>\n\n\n\n<li>Victor Luciano Carmona<\/li>\n\n\n\n<li>Alfredo Garcia<\/li>\n\n\n\n<li>Adrian Gusberti<\/li>\n\n\n\n<li>Rocio Buenamaiz\u00f3n<\/li>\n\n\n\n<li>Sergio Daniel Perez<\/li>\n<\/ul>\n\n\n\n<h2 class=\"wp-block-heading\">Disertantes<\/h2>\n\n\n\n<ul class=\"wp-block-list\">\n<li>Mauricio Ibiza: Responsable de Mantenimiento Edilicio del Sanatorio Argentino SRL.<\/li>\n\n\n\n<li>Luis Pulenta: Jefe del Servicio de Ingenier\u00eda Cl\u00ednica del Hospital Dr. Guillermo Rawson.<\/li>\n<\/ul>\n\n\n\n<h1 class=\"wp-block-heading\">ASISTENTES<\/h1>\n\n\n\n<h2 class=\"wp-block-heading\">Destinatarios<\/h2>\n\n\n\n<ul class=\"wp-block-list\">\n<li>Esta diplomatura est\u00e1 dirigida a personas que realicen tareas de mantenimiento y reparaci\u00f3n en centros de salud, trabajen en servicios t\u00e9cnicos de equipos m\u00e9dicos.<\/li>\n<\/ul>\n\n\n\n<h2 class=\"wp-block-heading\">Requisitos de ingreso<\/h2>\n\n\n\n<ul class=\"wp-block-list\">\n<li>Es necesario que los asistentes cuenten con conocimientos t\u00e9cnicos m\u00ednimos en reparaci\u00f3n de equipos y de componentes electr\u00f3nicos.<\/li>\n<\/ul>\n\n\n\n<h2 class=\"wp-block-heading\">Cantidad estimada<\/h2>\n\n\n\n<ul class=\"wp-block-list\">\n<li>La diplomatura exige un cupo m\u00ednimo de 15 (quince) alumnos matriculados. Asimismo, el cupo m\u00e1ximo se ha fijado en 25 (veinticinco) alumnos. Esto \u00faltimo se ha establecido en funci\u00f3n de garantizar el correcto desarrollo de las actividades pr\u00e1cticas.<\/li>\n<\/ul>\n\n\n\n<h1 class=\"wp-block-heading\">PROGRAMA \u2013 MODALIDAD<\/h1>\n\n\n\n<h2 class=\"wp-block-heading\">Modalidad<\/h2>\n\n\n\n<ul class=\"wp-block-list\">\n<li>La modalidad ser\u00e1 semi-presencial. El cursado ser\u00e1 de manera virtual para clases te\u00f3ricas, a trav\u00e9s, de la plataforma SIED y presencial para actividades pr\u00e1cticas. Las mismas se llevar\u00e1n a cabo en los laboratorios del DEA. El 50% de la carga horaria ser\u00e1 destinada a clases de teor\u00eda y el otro 50% a clases pr\u00e1cticas en el laboratorio.<\/li>\n<\/ul>\n\n\n\n<h2 class=\"wp-block-heading\">Duraci\u00f3n estimada (horas)<\/h2>\n\n\n\n<ul class=\"wp-block-list\">\n<li>Tendr\u00e1 una duraci\u00f3n total estimada de 200 horas.<\/li>\n<\/ul>\n\n\n\n<h2 class=\"wp-block-heading\">Programa<\/h2>\n\n\n\n<p><strong>Unidad 1: Electr\u00f3nica del Equipamiento Biom\u00e9dico<\/strong>.<\/p>\n\n\n\n<p><strong>Unidad 2: Mec\u00e1nica del Equipamiento Biom\u00e9dico<\/strong>.<\/p>\n\n\n\n<p><strong>Unidad 3: Buenas Pr\u00e1cticas en Higiene y Seguridad Hospitalaria<\/strong>.<\/p>\n\n\n\n<p><strong>Unidad 4: Gesti\u00f3n y Mantenimiento de Equipos Biom\u00e9dicos<\/strong>.<\/p>\n\n\n\n<p><strong>Unidad 5: Tecnolog\u00edas Disruptivas y Transformaci\u00f3n Digital<\/strong>.<\/p>\n\n\n\n<p><strong>Unidad 6: Equipamiento Biom\u00e9dico I<\/strong>.<\/p>\n\n\n\n<p><strong>Unidad 7: Taller de diagn\u00f3stico y reparaci\u00f3n I<\/strong>.<\/p>\n\n\n\n<p><strong>Unidad 8: Equipamiento Biom\u00e9dico II<\/strong>. <\/p>\n\n\n\n<p><strong>Unidad 9: Taller de diagn\u00f3stico y reparaci\u00f3n II<\/strong>.<\/p>\n\n\n\n<p><strong>Unidad 10: Ensayo de funcionamiento de Equipos m\u00e9dicos<\/strong>.<\/p>\n\n\n\n<h2 class=\"wp-block-heading\">Bibliograf\u00eda<\/h2>\n\n\n\n<ol class=\"wp-block-list\" type=\"1\">\n<li>Webster, J. G: \u201cBiomedical Instrumentation\u201d.<\/li>\n\n\n\n<li>Carr, Joshep J y Brown, John M: \u201cIntroducti\u00f3n to Biomedical technology\u201d .Gui Edit. John Wiley and Son.<\/li>\n\n\n\n<li>Normann: \u201cPrinciples of instrumentaci\u00f3n\u201d.<\/li>\n\n\n\n<li>Del Aguila, Carlos: \u201cElectromedicina\u201d. Edit. Hasa.<\/li>\n\n\n\n<li>Gu\u00edas de uso equipos Datex Instrumentarium Corp.<\/li>\n\n\n\n<li>Brull S; Silverman M: \u201cNeuromuscular block Monitoring\u201d.<\/li>\n\n\n\n<li>Peralta Alberto (JAEJ Argentina): \u201cTeor\u00eda y funcionamiento de respiradores\u201d.<\/li>\n\n\n\n<li>SIEMENS: \u201cPrincipios de funcionamiento de respiradores\u201d.<\/li>\n\n\n\n<li>Medix. Manuales de uso Incubadoras<\/li>\n\n\n\n<li>Svelto, Orazio: \u201cPrinciples Of Laser\u201d. New York Edit. Plenum Press 1976.<\/li>\n\n\n\n<li>Apuntes de Clases.<\/li>\n<\/ol>\n","protected":false},"excerpt":{"rendered":"<div class=\"entry-summary\">\nORGANIZACI\u00d3N Y DICTADO Objetivos El objetivo general consiste en capacitar a recursos humanos en aspectos te\u00f3rico-pr\u00e1cticos para realizar tareas de&hellip;\n<\/div>\n<div class=\"link-more\"><a href=\"https:\/\/dea.unsj.edu.ar\/principal\/oferta-academica\/diplomatura-en-reparacion-de-equipamiento-medico\/informacion-diplomatura-en-reparacion-de-equipamiento-medico\/\" class=\"more-link\">Continue reading<span class=\"screen-reader-text\"> &ldquo;Informaci\u00f3n: Diplomatura en Reparaci\u00f3n de Equipamiento M\u00e9dico&rdquo;<\/span>&hellip;<\/a><\/div>\n","protected":false},"author":1,"featured_media":0,"parent":2508,"menu_order":0,"comment_status":"closed","ping_status":"closed","template":"","meta":{"_acf_changed":false,"jetpack_post_was_ever_published":false,"footnotes":""},"class_list":["post-3523","page","type-page","status-publish","hentry","entry"],"acf":[],"jetpack_sharing_enabled":true,"jetpack_shortlink":"https:\/\/wp.me\/PaLbeA-UP","_links":{"self":[{"href":"https:\/\/dea.unsj.edu.ar\/principal\/wp-json\/wp\/v2\/pages\/3523","targetHints":{"allow":["GET"]}}],"collection":[{"href":"https:\/\/dea.unsj.edu.ar\/principal\/wp-json\/wp\/v2\/pages"}],"about":[{"href":"https:\/\/dea.unsj.edu.ar\/principal\/wp-json\/wp\/v2\/types\/page"}],"author":[{"embeddable":true,"href":"https:\/\/dea.unsj.edu.ar\/principal\/wp-json\/wp\/v2\/users\/1"}],"replies":[{"embeddable":true,"href":"https:\/\/dea.unsj.edu.ar\/principal\/wp-json\/wp\/v2\/comments?post=3523"}],"version-history":[{"count":0,"href":"https:\/\/dea.unsj.edu.ar\/principal\/wp-json\/wp\/v2\/pages\/3523\/revisions"}],"up":[{"embeddable":true,"href":"https:\/\/dea.unsj.edu.ar\/principal\/wp-json\/wp\/v2\/pages\/2508"}],"wp:attachment":[{"href":"https:\/\/dea.unsj.edu.ar\/principal\/wp-json\/wp\/v2\/media?parent=3523"}],"curies":[{"name":"wp","href":"https:\/\/api.w.org\/{rel}","templated":true}]}}