{"id":254,"date":"2019-09-17T15:01:46","date_gmt":"2019-09-17T18:01:46","guid":{"rendered":"https:\/\/ledyt.wordpress.com\/?page_id=254"},"modified":"2019-09-17T15:01:46","modified_gmt":"2019-09-17T18:01:46","slug":"ledyt-proyectos-con-empresas","status":"publish","type":"page","link":"https:\/\/dea.unsj.edu.ar\/principal\/investigacion-desarrollo-servicios\/introduccion\/ledyt-proyectos\/ledyt-proyectos-con-empresas\/","title":{"rendered":"LEDyT-Proyectos con Empresas"},"content":{"rendered":"\n<div class=\"wp-block-columns alignwide has-3-columns is-layout-flex wp-container-core-columns-is-layout-9d6595d7 wp-block-columns-is-layout-flex\">\n<div class=\"wp-block-column is-layout-flow wp-block-column-is-layout-flow\">\n<div class=\"wp-block-image\"><figure class=\"alignleft size-large is-resized\"><img loading=\"lazy\" decoding=\"async\" src=\"https:\/\/ledyt.files.wordpress.com\/2019\/10\/img_20181211_184314-4.jpg?w=1024\" alt=\"\" class=\"wp-image-1232\" width=\"287\" height=\"202\" \/><\/figure><\/div>\n\n\n\n<h4 class=\"wp-block-heading\"><a href=\"https:\/\/ledyt.wordpress.com\/automatizacion-pasteurizador-mca\/\">proyecto: Automatizaci\u00f3n pasteurizador mca<\/a><\/h4>\n<\/div>\n\n\n\n<div class=\"wp-block-column is-layout-flow wp-block-column-is-layout-flow\">\n<div class=\"wp-block-image\"><figure class=\"aligncenter size-large is-resized\"><img loading=\"lazy\" decoding=\"async\" src=\"https:\/\/ledyt.files.wordpress.com\/2019\/10\/101_0829-1.jpg?w=1024\" alt=\"\" class=\"wp-image-1246\" width=\"193\" height=\"145\" \/><\/figure><\/div>\n\n\n\n<h4 class=\"has-text-align-left wp-block-heading\"> <a href=\"https:\/\/ledyt.wordpress.com\/proyecto-convenio-secretaria-de-medio-ambiente-monitoreo-rio-san-juan\/\">PROYECTO: CONVENIO SECRETAR\u00cdA DE MEDIO AMBIENTE MONITOREO R\u00cdO SAN JUAN <\/a><\/h4>\n\n\n\n<p><\/p>\n<\/div>\n\n\n\n<div class=\"wp-block-column is-layout-flow wp-block-column-is-layout-flow\">\n<div class=\"wp-block-image\"><figure class=\"aligncenter size-large is-resized\"><img loading=\"lazy\" decoding=\"async\" src=\"https:\/\/ledyt.files.wordpress.com\/2019\/10\/page-3-image-4-1.jpg?w=865\" alt=\"\" class=\"wp-image-1239\" width=\"190\" height=\"146\" \/><\/figure><\/div>\n\n\n\n<h6 class=\"wp-block-heading\"><a href=\"https:\/\/ledyt.wordpress.com\/sistema-inalambrico-de-adquisicion-de-senales-electroencefalograficas\/\">proyecto: sistema inal\u00e1mbrico de adquisici\u00f3n de se\u00f1ales electroencefalogr\u00e1ficas<\/a><\/h6>\n<\/div>\n<\/div>\n\n\n\n<div class=\"wp-block-columns alignwide has-3-columns is-layout-flex wp-container-core-columns-is-layout-9d6595d7 wp-block-columns-is-layout-flex\">\n<div class=\"wp-block-column is-layout-flow wp-block-column-is-layout-flow\">\n<div class=\"wp-block-image\"><figure class=\"aligncenter size-large is-resized\"><img loading=\"lazy\" decoding=\"async\" src=\"https:\/\/ledyt.files.wordpress.com\/2019\/10\/100_0367-1.jpg?w=1024\" alt=\"\" class=\"wp-image-1359\" width=\"225\" height=\"168\" \/><\/figure><\/div>\n\n\n\n<h4 class=\"wp-block-heading\"><a href=\"https:\/\/ledyt.wordpress.com\/proyecto-monitoreo-de-calidad-de-agua-en-barreal-modem-satelital\/\">Proyecto: Monitoreo de calidad de agua en barreal (M\u00f3dem satelital)<\/a><\/h4>\n<\/div>\n\n\n\n<div class=\"wp-block-column is-layout-flow wp-block-column-is-layout-flow\">\n<div class=\"wp-block-image\"><figure class=\"aligncenter size-large is-resized\"><img loading=\"lazy\" decoding=\"async\" src=\"https:\/\/ledyt.files.wordpress.com\/2019\/10\/100_0267-2.jpg?w=1024\" alt=\"\" class=\"wp-image-1374\" width=\"214\" height=\"160\" \/><\/figure><\/div>\n\n\n\n<h4 class=\"has-text-align-left wp-block-heading\"><a href=\"https:\/\/ledyt.wordpress.com\/proyecto-monitoreo-de-temperatura-tecma\/\">Proyecto: monitoreo de temperatura-tecma<\/a><\/h4>\n<\/div>\n\n\n\n<div class=\"wp-block-column is-layout-flow wp-block-column-is-layout-flow\">\n<h4 class=\"wp-block-heading\"><\/h4>\n<\/div>\n<\/div>\n\n\n\n<div class=\"wp-block-columns alignwide has-3-columns is-layout-flex wp-container-core-columns-is-layout-9d6595d7 wp-block-columns-is-layout-flex\">\n<div class=\"wp-block-column is-layout-flow wp-block-column-is-layout-flow\"><\/div>\n\n\n\n<div class=\"wp-block-column is-layout-flow wp-block-column-is-layout-flow\"><\/div>\n\n\n\n<div class=\"wp-block-column is-layout-flow wp-block-column-is-layout-flow\"><\/div>\n<\/div>\n\n\n\n<div class=\"wp-block-columns alignwide has-3-columns is-layout-flex wp-container-core-columns-is-layout-9d6595d7 wp-block-columns-is-layout-flex\">\n<div class=\"wp-block-column is-layout-flow wp-block-column-is-layout-flow\"><\/div>\n\n\n\n<div class=\"wp-block-column is-layout-flow wp-block-column-is-layout-flow\"><\/div>\n\n\n\n<div class=\"wp-block-column is-layout-flow wp-block-column-is-layout-flow\"><\/div>\n<\/div>\n\n\n\n<div style=\"height:32px;\" aria-hidden=\"true\" class=\"wp-block-spacer desktop-only\"><\/div>\n\n\n\n<hr class=\"wp-block-separator is-style-wide\" \/>\n","protected":false},"excerpt":{"rendered":"<div class=\"entry-summary\">\nproyecto: Automatizaci\u00f3n pasteurizador mca PROYECTO: CONVENIO SECRETAR\u00cdA DE MEDIO AMBIENTE MONITOREO R\u00cdO SAN JUAN proyecto: sistema inal\u00e1mbrico de adquisici\u00f3n de&hellip;\n<\/div>\n<div class=\"link-more\"><a href=\"https:\/\/dea.unsj.edu.ar\/principal\/investigacion-desarrollo-servicios\/introduccion\/ledyt-proyectos\/ledyt-proyectos-con-empresas\/\" class=\"more-link\">Continue reading<span class=\"screen-reader-text\"> &ldquo;LEDyT-Proyectos con Empresas&rdquo;<\/span>&hellip;<\/a><\/div>\n","protected":false},"author":1,"featured_media":0,"parent":246,"menu_order":4,"comment_status":"closed","ping_status":"closed","template":"","meta":{"_acf_changed":false,"jetpack_post_was_ever_published":false,"footnotes":""},"class_list":["post-254","page","type-page","status-publish","hentry","entry"],"acf":[],"jetpack_sharing_enabled":true,"jetpack_shortlink":"https:\/\/wp.me\/PaLbeA-46","_links":{"self":[{"href":"https:\/\/dea.unsj.edu.ar\/principal\/wp-json\/wp\/v2\/pages\/254","targetHints":{"allow":["GET"]}}],"collection":[{"href":"https:\/\/dea.unsj.edu.ar\/principal\/wp-json\/wp\/v2\/pages"}],"about":[{"href":"https:\/\/dea.unsj.edu.ar\/principal\/wp-json\/wp\/v2\/types\/page"}],"author":[{"embeddable":true,"href":"https:\/\/dea.unsj.edu.ar\/principal\/wp-json\/wp\/v2\/users\/1"}],"replies":[{"embeddable":true,"href":"https:\/\/dea.unsj.edu.ar\/principal\/wp-json\/wp\/v2\/comments?post=254"}],"version-history":[{"count":0,"href":"https:\/\/dea.unsj.edu.ar\/principal\/wp-json\/wp\/v2\/pages\/254\/revisions"}],"up":[{"embeddable":true,"href":"https:\/\/dea.unsj.edu.ar\/principal\/wp-json\/wp\/v2\/pages\/246"}],"wp:attachment":[{"href":"https:\/\/dea.unsj.edu.ar\/principal\/wp-json\/wp\/v2\/media?parent=254"}],"curies":[{"name":"wp","href":"https:\/\/api.w.org\/{rel}","templated":true}]}}