{"id":199,"date":"2019-09-17T13:43:16","date_gmt":"2019-09-17T16:43:16","guid":{"rendered":"https:\/\/ledyt.wordpress.com\/?page_id=199"},"modified":"2019-09-17T13:43:16","modified_gmt":"2019-09-17T16:43:16","slug":"introduccion","status":"publish","type":"page","link":"https:\/\/dea.unsj.edu.ar\/principal\/investigacion-desarrollo-servicios\/introduccion\/","title":{"rendered":"LEDyT &#8211; Laboratorio de Electr\u00f3nica Digital y Telecomunicaciones (OK)"},"content":{"rendered":"\n<p style=\"font-size:24px\">\u00a1Bienvenidos al Laboratorio de Electr\u00f3nica Digital y Telecomunicaciones!<\/p>\n\n\n\n<p>El LED&amp;T pertenecen al Departamento de Electr\u00f3nica y Autom\u00e1tica y principalmente realiza proyectos en las siguientes \u00e1reas: sistemas de c\u00f3mputo digital embebido, ropa inteligente, internet de las cosas (IoT), medici\u00f3n y estudio de radio interferencias (RFI), radio definida por software (SDR), dise\u00f1o y fabricaci\u00f3n circuitos impresos y fabricaci\u00f3n de prototipos 3D FDM, DLP.<\/p>\n\n\n\n<p>En el LED&amp;T tambi\u00e9n se realizan pr\u00e1cticas, trabajos finales y pasant\u00edas los estudiantes de las carreras de Ingenier\u00eda Electr\u00f3nica y Bioingenier\u00eda de la Facultad de Ingenier\u00eda de la UNSJ.<\/p>\n\n\n\n<p>El personal del LED&amp;T se conforma por profesionales ingenieros que investigan, desarrollan, ense\u00f1an y transfieren tecnolog\u00eda centrados en los sistemas electr\u00f3nicos digitales y las telecomunicaciones, con el fin de brindar un servicio de calidad, \u00e9tico y responsable a la comunidad. <\/p>\n\n\n\n<div class=\"wp-block-jetpack-slideshow aligncenter\" data-effect=\"slide\"><div class=\"wp-block-jetpack-slideshow_container swiper-container\"><ul class=\"wp-block-jetpack-slideshow_swiper-wrapper swiper-wrapper\"><li class=\"wp-block-jetpack-slideshow_slide swiper-slide\"><figure><img decoding=\"async\" alt=\"\" class=\"wp-block-jetpack-slideshow_image wp-image-1773\" data-id=\"1773\" src=\"http:\/\/dea.unsj.edu.ar\/principal\/wp-content\/uploads\/2019\/11\/img_9153-1200x900.jpg\"\/><\/figure><\/li><li class=\"wp-block-jetpack-slideshow_slide swiper-slide\"><figure><img decoding=\"async\" alt=\"\" class=\"wp-block-jetpack-slideshow_image wp-image-1774\" data-id=\"1774\" src=\"http:\/\/dea.unsj.edu.ar\/principal\/wp-content\/uploads\/2019\/11\/img_9156-1200x900.jpg\"\/><\/figure><\/li><li class=\"wp-block-jetpack-slideshow_slide swiper-slide\"><figure><img decoding=\"async\" alt=\"\" class=\"wp-block-jetpack-slideshow_image wp-image-1775\" data-id=\"1775\" src=\"http:\/\/dea.unsj.edu.ar\/principal\/wp-content\/uploads\/2019\/11\/img_9161-1-1200x900.jpeg\"\/><\/figure><\/li><li class=\"wp-block-jetpack-slideshow_slide swiper-slide\"><figure><img decoding=\"async\" alt=\"\" class=\"wp-block-jetpack-slideshow_image wp-image-1776\" data-id=\"1776\" src=\"http:\/\/dea.unsj.edu.ar\/principal\/wp-content\/uploads\/2019\/11\/img_9482-1-1200x900.jpeg\"\/><\/figure><\/li><li class=\"wp-block-jetpack-slideshow_slide swiper-slide\"><figure><img decoding=\"async\" alt=\"\" class=\"wp-block-jetpack-slideshow_image wp-image-1777\" data-id=\"1777\" src=\"http:\/\/dea.unsj.edu.ar\/principal\/wp-content\/uploads\/2019\/11\/img_9483-1-1200x900.jpeg\"\/><\/figure><\/li><li class=\"wp-block-jetpack-slideshow_slide swiper-slide\"><figure><img decoding=\"async\" alt=\"\" class=\"wp-block-jetpack-slideshow_image wp-image-1778\" data-id=\"1778\" src=\"http:\/\/dea.unsj.edu.ar\/principal\/wp-content\/uploads\/2019\/11\/img_9485-1-1200x900.jpeg\"\/><\/figure><\/li><\/ul><a class=\"wp-block-jetpack-slideshow_button-prev swiper-button-prev swiper-button-white\" role=\"button\"><\/a><a class=\"wp-block-jetpack-slideshow_button-next swiper-button-next swiper-button-white\" role=\"button\"><\/a><a aria-label=\"Pause Slideshow\" class=\"wp-block-jetpack-slideshow_button-pause\" role=\"button\"><\/a><div class=\"wp-block-jetpack-slideshow_pagination swiper-pagination swiper-pagination-white\"><\/div><\/div><\/div>\n\n\n\n<p><\/p>\n","protected":false},"excerpt":{"rendered":"<div class=\"entry-summary\">\n\u00a1Bienvenidos al Laboratorio de Electr\u00f3nica Digital y Telecomunicaciones! El LED&amp;T pertenecen al Departamento de Electr\u00f3nica y Autom\u00e1tica y principalmente realiza&hellip;\n<\/div>\n<div class=\"link-more\"><a href=\"https:\/\/dea.unsj.edu.ar\/principal\/investigacion-desarrollo-servicios\/introduccion\/\" class=\"more-link\">Continue reading<span class=\"screen-reader-text\"> &ldquo;LEDyT &#8211; Laboratorio de Electr\u00f3nica Digital y Telecomunicaciones (OK)&rdquo;<\/span>&hellip;<\/a><\/div>\n","protected":false},"author":1,"featured_media":0,"parent":565,"menu_order":1,"comment_status":"closed","ping_status":"closed","template":"","meta":{"_acf_changed":false,"jetpack_post_was_ever_published":false,"footnotes":""},"class_list":["post-199","page","type-page","status-publish","hentry","entry"],"acf":[],"jetpack_sharing_enabled":true,"jetpack_shortlink":"https:\/\/wp.me\/PaLbeA-3d","_links":{"self":[{"href":"https:\/\/dea.unsj.edu.ar\/principal\/wp-json\/wp\/v2\/pages\/199","targetHints":{"allow":["GET"]}}],"collection":[{"href":"https:\/\/dea.unsj.edu.ar\/principal\/wp-json\/wp\/v2\/pages"}],"about":[{"href":"https:\/\/dea.unsj.edu.ar\/principal\/wp-json\/wp\/v2\/types\/page"}],"author":[{"embeddable":true,"href":"https:\/\/dea.unsj.edu.ar\/principal\/wp-json\/wp\/v2\/users\/1"}],"replies":[{"embeddable":true,"href":"https:\/\/dea.unsj.edu.ar\/principal\/wp-json\/wp\/v2\/comments?post=199"}],"version-history":[{"count":0,"href":"https:\/\/dea.unsj.edu.ar\/principal\/wp-json\/wp\/v2\/pages\/199\/revisions"}],"up":[{"embeddable":true,"href":"https:\/\/dea.unsj.edu.ar\/principal\/wp-json\/wp\/v2\/pages\/565"}],"wp:attachment":[{"href":"https:\/\/dea.unsj.edu.ar\/principal\/wp-json\/wp\/v2\/media?parent=199"}],"curies":[{"name":"wp","href":"https:\/\/api.w.org\/{rel}","templated":true}]}}