{"id":1949,"date":"2020-08-20T10:57:53","date_gmt":"2020-08-20T13:57:53","guid":{"rendered":"http:\/\/dea.unsj.edu.ar\/principal\/?page_id=1949"},"modified":"2020-08-20T10:57:53","modified_gmt":"2020-08-20T13:57:53","slug":"covid-19-normativa-unsj-fi","status":"publish","type":"page","link":"https:\/\/dea.unsj.edu.ar\/principal\/covid-19\/covid-19-normativa-unsj-fi\/","title":{"rendered":"COVID 19-Normativa UNSJ-FI"},"content":{"rendered":"\n<p><strong>En esta p\u00e1gina se encuentra normativa de la UNSJ-FI referida al COVID 19<\/strong><\/p>\n\n\n\n<p>A\u00d1O 2021<\/p>\n\n\n\n<div class=\"wp-block-file\"><a id=\"wp-block-file--media-bda78cca-2871-421f-bf99-0b56dff4ef6b\" href=\"http:\/\/dea.unsj.edu.ar\/principal\/wp-content\/uploads\/2021\/04\/Ord.-N\u00b0-01-2021-CS-Normas-para-examenes-y-practicas-pendientes-2020-1.pdf\">Ord.-N\u00b0-01-2021-CS-Normas-para-examenes-y-practicas-pendientes-2020<\/a><a href=\"http:\/\/dea.unsj.edu.ar\/principal\/wp-content\/uploads\/2021\/04\/Ord.-N\u00b0-01-2021-CS-Normas-para-examenes-y-practicas-pendientes-2020-1.pdf\" class=\"wp-block-file__button\" download aria-describedby=\"wp-block-file--media-bda78cca-2871-421f-bf99-0b56dff4ef6b\">Descarga<\/a><\/div>\n\n\n\n<div class=\"wp-block-file\"><a id=\"wp-block-file--media-ec0ddad4-8c7a-4954-a20d-32a395b4bbfb\" href=\"http:\/\/dea.unsj.edu.ar\/principal\/wp-content\/uploads\/2021\/04\/Ord.-No-02-21-CS-Actividades-Acad-investig-y-extens-Ciclo-2021-2022-2.pdf\">Ord.-No-02-21-CS-Actividades-Acad-investig-y-extens-Ciclo-2021-2022<\/a><a href=\"http:\/\/dea.unsj.edu.ar\/principal\/wp-content\/uploads\/2021\/04\/Ord.-No-02-21-CS-Actividades-Acad-investig-y-extens-Ciclo-2021-2022-2.pdf\" class=\"wp-block-file__button\" download aria-describedby=\"wp-block-file--media-ec0ddad4-8c7a-4954-a20d-32a395b4bbfb\">Descarga<\/a><\/div>\n\n\n\n<div class=\"wp-block-file\"><a id=\"wp-block-file--media-2906ac9e-7b64-4749-a29b-b02c6a9093a0\" href=\"http:\/\/dea.unsj.edu.ar\/principal\/wp-content\/uploads\/2021\/04\/RES.-No-02-21-CS-Mesas-Mensuales-Ordinarias-y-Correlatividades-2.pdf\">RES.-No-02-21-CS-Mesas-Mensuales-Ordinarias-y-Correlatividades<\/a><a href=\"http:\/\/dea.unsj.edu.ar\/principal\/wp-content\/uploads\/2021\/04\/RES.-No-02-21-CS-Mesas-Mensuales-Ordinarias-y-Correlatividades-2.pdf\" class=\"wp-block-file__button\" download aria-describedby=\"wp-block-file--media-2906ac9e-7b64-4749-a29b-b02c6a9093a0\">Descarga<\/a><\/div>\n\n\n\n<div class=\"wp-block-file\"><a id=\"wp-block-file--media-cc4de051-6889-4147-b997-869a4d05d7c6\" href=\"http:\/\/dea.unsj.edu.ar\/principal\/wp-content\/uploads\/2021\/04\/RES.-No-01-21-CS-Prorroga-de-Certificaciones-Definitivas-2.pdf\">RES.-No-01-21-CS-Prorroga-de-Certificaciones-Definitivas<\/a><a href=\"http:\/\/dea.unsj.edu.ar\/principal\/wp-content\/uploads\/2021\/04\/RES.-No-01-21-CS-Prorroga-de-Certificaciones-Definitivas-2.pdf\" class=\"wp-block-file__button\" download aria-describedby=\"wp-block-file--media-cc4de051-6889-4147-b997-869a4d05d7c6\">Descarga<\/a><\/div>\n\n\n\n<div class=\"wp-block-file\"><a id=\"wp-block-file--media-3dc07a2b-54e8-4264-ad24-2e8aba63eb71\" href=\"http:\/\/dea.unsj.edu.ar\/principal\/wp-content\/uploads\/2021\/04\/RES.-N\u00b0-01-21-CD-Calendario-Academico-2021-2022-2.pdf\">RES.-N\u00b0-01-21-CD-Calendario-Academico-2021-2022<\/a><a href=\"http:\/\/dea.unsj.edu.ar\/principal\/wp-content\/uploads\/2021\/04\/RES.-N\u00b0-01-21-CD-Calendario-Academico-2021-2022-2.pdf\" class=\"wp-block-file__button\" download aria-describedby=\"wp-block-file--media-3dc07a2b-54e8-4264-ad24-2e8aba63eb71\">Descarga<\/a><\/div>\n\n\n\n<p>A\u00d1O 2020<\/p>\n\n\n\n<div class=\"wp-block-file\"><a id=\"wp-block-file--media-d98bbe6f-40be-4366-bcb2-91dc2b9d087f\" href=\"http:\/\/dea.unsj.edu.ar\/principal\/wp-content\/uploads\/2020\/10\/62-Protocolo-Modalidad-virtual0001.pdf\">Acad\u00e9mica: Res.60-2020: (VIGENTE) Protocolo para Ex\u00e1menes Virtuales-Facultad de Ingenieria<\/a><a href=\"http:\/\/dea.unsj.edu.ar\/principal\/wp-content\/uploads\/2020\/10\/62-Protocolo-Modalidad-virtual0001.pdf\" class=\"wp-block-file__button\" download aria-describedby=\"wp-block-file--media-d98bbe6f-40be-4366-bcb2-91dc2b9d087f\">Descarga<\/a><\/div>\n\n\n\n<div class=\"wp-block-file\"><a id=\"wp-block-file--media-fec8c557-e063-4d0c-bff5-9460a48ac02c\" href=\"http:\/\/dea.unsj.edu.ar\/principal\/wp-content\/uploads\/2020\/10\/61-Calendario-Academico-Texto-Ordenado0001.pdf\">Acad\u00e9mica: (VIGENTE) Res.61-2020 Modificaci\u00f3n Calendario Acad\u00e9mico-<\/a><a href=\"http:\/\/dea.unsj.edu.ar\/principal\/wp-content\/uploads\/2020\/10\/61-Calendario-Academico-Texto-Ordenado0001.pdf\" class=\"wp-block-file__button\" download aria-describedby=\"wp-block-file--media-fec8c557-e063-4d0c-bff5-9460a48ac02c\">Descarga<\/a><\/div>\n\n\n\n<div class=\"wp-block-file\"><a id=\"wp-block-file--media-89f5a5f7-c299-4fd5-a1fe-721afe441298\" href=\"http:\/\/dea.unsj.edu.ar\/principal\/wp-content\/uploads\/2020\/08\/RES-41-2020-Protocolo-para-Examenes-Virtuales-Facultad-de-Ingenieria.pdf\">Acad\u00e9mica: Res.41-2020: (No vigente) Protocolo para Ex\u00e1menes Virtuales-Facultad de Ingenieria<\/a><a href=\"http:\/\/dea.unsj.edu.ar\/principal\/wp-content\/uploads\/2020\/08\/RES-41-2020-Protocolo-para-Examenes-Virtuales-Facultad-de-Ingenieria.pdf\" class=\"wp-block-file__button\" download aria-describedby=\"wp-block-file--media-89f5a5f7-c299-4fd5-a1fe-721afe441298\">Descarga<\/a><\/div>\n\n\n\n<div class=\"wp-block-file\"><a id=\"wp-block-file--media-904c8d10-3c59-41aa-9bf1-a41e504b6c99\" href=\"http:\/\/dea.unsj.edu.ar\/principal\/wp-content\/uploads\/2020\/08\/Academica.Resolucion-Protocolo-Examenes-Semipresenciales.pdf\">Academica: Resoluci\u00f3n: Protocolo Ex\u00e1menes Semipresenciales<\/a><a href=\"http:\/\/dea.unsj.edu.ar\/principal\/wp-content\/uploads\/2020\/08\/Academica.Resolucion-Protocolo-Examenes-Semipresenciales.pdf\" class=\"wp-block-file__button\" download aria-describedby=\"wp-block-file--media-904c8d10-3c59-41aa-9bf1-a41e504b6c99\">Descarga<\/a><\/div>\n\n\n\n<div class=\"wp-block-file\"><a id=\"wp-block-file--media-eec91638-c7b9-4d90-8ffc-d943cfa0b183\" href=\"http:\/\/dea.unsj.edu.ar\/principal\/wp-content\/uploads\/2020\/08\/Academica.Resolucion-Protocolo-Examenes-Presenciales.pdf\"><br>Academica: Resoluci\u00f3n: Protocolo Ex\u00e1menes Presenciales<\/a><a href=\"http:\/\/dea.unsj.edu.ar\/principal\/wp-content\/uploads\/2020\/08\/Academica.Resolucion-Protocolo-Examenes-Presenciales.pdf\" class=\"wp-block-file__button\" download aria-describedby=\"wp-block-file--media-eec91638-c7b9-4d90-8ffc-d943cfa0b183\">Descarga<\/a><\/div>\n\n\n\n<div class=\"wp-block-file\"><a id=\"wp-block-file--media-fa2c08a7-b96c-4068-b397-60e261330bc6\" href=\"http:\/\/dea.unsj.edu.ar\/principal\/wp-content\/uploads\/2020\/08\/Academica.Tramitacion-Examenes-Libres.pdf\">Acad\u00e9mica: Tramitaci\u00f3n Ex\u00e1menes Libres<\/a><a href=\"http:\/\/dea.unsj.edu.ar\/principal\/wp-content\/uploads\/2020\/08\/Academica.Tramitacion-Examenes-Libres.pdf\" class=\"wp-block-file__button\" download aria-describedby=\"wp-block-file--media-fa2c08a7-b96c-4068-b397-60e261330bc6\">Descarga<\/a><\/div>\n\n\n\n<div class=\"wp-block-file\"><a id=\"wp-block-file--media-24938967-dc38-4092-9ade-639da3a2eb89\" href=\"http:\/\/dea.unsj.edu.ar\/principal\/wp-content\/uploads\/2020\/08\/Academica.Resolucion-Trabajos-Finales-Virtuales.pdf\">Acad\u00e9mica: Resoluci\u00f3n Trabajos Finales Virtuales<\/a><a href=\"http:\/\/dea.unsj.edu.ar\/principal\/wp-content\/uploads\/2020\/08\/Academica.Resolucion-Trabajos-Finales-Virtuales.pdf\" class=\"wp-block-file__button\" download aria-describedby=\"wp-block-file--media-24938967-dc38-4092-9ade-639da3a2eb89\">Descarga<\/a><\/div>\n\n\n\n<div class=\"wp-block-file\"><a id=\"wp-block-file--media-7ffb94ff-2479-4eb0-ae9a-2caea891c501\" href=\"http:\/\/dea.unsj.edu.ar\/principal\/wp-content\/uploads\/2020\/08\/General.Protocolo-COVID-19-UNSJ-REVISION-51.pdf\">General: Protocolo COVID 19 UNSJ-REVISION 51<\/a><a href=\"http:\/\/dea.unsj.edu.ar\/principal\/wp-content\/uploads\/2020\/08\/General.Protocolo-COVID-19-UNSJ-REVISION-51.pdf\" class=\"wp-block-file__button\" download aria-describedby=\"wp-block-file--media-7ffb94ff-2479-4eb0-ae9a-2caea891c501\">Descarga<\/a><\/div>\n\n\n\n<div class=\"wp-block-file\"><a id=\"wp-block-file--media-795cf92e-2bd4-4ae8-b132-1ea07ccd43d3\" href=\"http:\/\/dea.unsj.edu.ar\/principal\/wp-content\/uploads\/2020\/08\/Academica.Resolucion-sobre-Fechas-de-Semestres.pdf\">Acad\u00e9mica: Resoluci\u00f3n sobre Fechas de Semestres<\/a><a href=\"http:\/\/dea.unsj.edu.ar\/principal\/wp-content\/uploads\/2020\/08\/Academica.Resolucion-sobre-Fechas-de-Semestres.pdf\" class=\"wp-block-file__button\" download aria-describedby=\"wp-block-file--media-795cf92e-2bd4-4ae8-b132-1ea07ccd43d3\">Descarga<\/a><\/div>\n\n\n\n<div class=\"wp-block-file\"><a id=\"wp-block-file--media-657f3a79-4d6a-440d-92b1-1d1e971ff56d\" href=\"http:\/\/dea.unsj.edu.ar\/principal\/wp-content\/uploads\/2020\/08\/Academica.Modificacion-Calendario-Academico.-Mayo2020.pdf\">Acad\u00e9mica: (No vigente) Modificaci\u00f3n Calendario Acad\u00e9mico-Mayo 2020<\/a><a href=\"http:\/\/dea.unsj.edu.ar\/principal\/wp-content\/uploads\/2020\/08\/Academica.Modificacion-Calendario-Academico.-Mayo2020.pdf\" class=\"wp-block-file__button\" download aria-describedby=\"wp-block-file--media-657f3a79-4d6a-440d-92b1-1d1e971ff56d\">Descarga<\/a><\/div>\n\n\n\n<div class=\"wp-block-file\"><a id=\"wp-block-file--media-b2520097-2883-4312-96d8-93b2c9492ce3\" href=\"http:\/\/dea.unsj.edu.ar\/principal\/wp-content\/uploads\/2020\/08\/Academica.Prorroga-de-un-ano-de-las-regularidades.pdf\">Acad\u00e9mica: Pr\u00f3rroga de un ano de las regularidades<\/a><a href=\"http:\/\/dea.unsj.edu.ar\/principal\/wp-content\/uploads\/2020\/08\/Academica.Prorroga-de-un-ano-de-las-regularidades.pdf\" class=\"wp-block-file__button\" download aria-describedby=\"wp-block-file--media-b2520097-2883-4312-96d8-93b2c9492ce3\">Descarga<\/a><\/div>\n\n\n\n<div class=\"wp-block-file\"><a id=\"wp-block-file--media-5830ddb7-610a-4877-93d8-5d40c4c59c4f\" href=\"http:\/\/dea.unsj.edu.ar\/principal\/wp-content\/uploads\/2020\/08\/Academica_Cambio_de_todos_los_Turnos_de_Examenes_a_Ordinarios.pdf\">Acad\u00e9mica: Cambio de todos los Turnos de Examenes a Ordinarios<\/a><a href=\"http:\/\/dea.unsj.edu.ar\/principal\/wp-content\/uploads\/2020\/08\/Academica_Cambio_de_todos_los_Turnos_de_Examenes_a_Ordinarios.pdf\" class=\"wp-block-file__button\" download aria-describedby=\"wp-block-file--media-5830ddb7-610a-4877-93d8-5d40c4c59c4f\">Descarga<\/a><\/div>\n\n\n\n<div class=\"wp-block-file\"><a id=\"wp-block-file--media-e6dbaf05-82c0-450e-be92-e5ae4bd7c23d\" href=\"http:\/\/dea.unsj.edu.ar\/principal\/wp-content\/uploads\/2020\/08\/Academica.Cambio-de-Correlatividades-Fuertes-a-Debiles.pdf\">Acad\u00e9mica: Cambio de Correlatividades Fuertes a Debiles<\/a><a href=\"http:\/\/dea.unsj.edu.ar\/principal\/wp-content\/uploads\/2020\/08\/Academica.Cambio-de-Correlatividades-Fuertes-a-Debiles.pdf\" class=\"wp-block-file__button\" download aria-describedby=\"wp-block-file--media-e6dbaf05-82c0-450e-be92-e5ae4bd7c23d\">Descarga<\/a><\/div>\n\n\n\n<p><\/p>\n\n\n\n<p><\/p>\n","protected":false},"excerpt":{"rendered":"<div class=\"entry-summary\">\nEn esta p\u00e1gina se encuentra normativa de la UNSJ-FI referida al COVID 19 A\u00d1O 2021 A\u00d1O 2020\n<\/div>\n<div class=\"link-more\"><a href=\"https:\/\/dea.unsj.edu.ar\/principal\/covid-19\/covid-19-normativa-unsj-fi\/\" class=\"more-link\">Continue reading<span class=\"screen-reader-text\"> &ldquo;COVID 19-Normativa UNSJ-FI&rdquo;<\/span>&hellip;<\/a><\/div>\n","protected":false},"author":1,"featured_media":0,"parent":1964,"menu_order":0,"comment_status":"closed","ping_status":"closed","template":"","meta":{"_acf_changed":false,"jetpack_post_was_ever_published":false,"footnotes":""},"class_list":["post-1949","page","type-page","status-publish","hentry","entry"],"acf":[],"jetpack_sharing_enabled":true,"jetpack_shortlink":"https:\/\/wp.me\/PaLbeA-vr","_links":{"self":[{"href":"https:\/\/dea.unsj.edu.ar\/principal\/wp-json\/wp\/v2\/pages\/1949","targetHints":{"allow":["GET"]}}],"collection":[{"href":"https:\/\/dea.unsj.edu.ar\/principal\/wp-json\/wp\/v2\/pages"}],"about":[{"href":"https:\/\/dea.unsj.edu.ar\/principal\/wp-json\/wp\/v2\/types\/page"}],"author":[{"embeddable":true,"href":"https:\/\/dea.unsj.edu.ar\/principal\/wp-json\/wp\/v2\/users\/1"}],"replies":[{"embeddable":true,"href":"https:\/\/dea.unsj.edu.ar\/principal\/wp-json\/wp\/v2\/comments?post=1949"}],"version-history":[{"count":0,"href":"https:\/\/dea.unsj.edu.ar\/principal\/wp-json\/wp\/v2\/pages\/1949\/revisions"}],"up":[{"embeddable":true,"href":"https:\/\/dea.unsj.edu.ar\/principal\/wp-json\/wp\/v2\/pages\/1964"}],"wp:attachment":[{"href":"https:\/\/dea.unsj.edu.ar\/principal\/wp-json\/wp\/v2\/media?parent=1949"}],"curies":[{"name":"wp","href":"https:\/\/api.w.org\/{rel}","templated":true}]}}