{"id":1572,"date":"2019-06-12T19:16:15","date_gmt":"2019-06-12T22:16:15","guid":{"rendered":"http:\/\/dea.unsj.edu.ar\/principal\/?page_id=1572"},"modified":"2019-06-12T19:16:15","modified_gmt":"2019-06-12T22:16:15","slug":"libro-ultrasonido-para-ingenieros-y-estudiantes-de-ingenieria","status":"publish","type":"page","link":"https:\/\/dea.unsj.edu.ar\/principal\/oferta-academica\/biblioteca-libre-del-dea\/libro-ultrasonido-para-ingenieros-y-estudiantes-de-ingenieria\/","title":{"rendered":"Libro: Ultrasonido para Ingenieros y Estudiantes de Ingenier\u00eda"},"content":{"rendered":"\n<div class=\"wp-block-file\"><a href=\"http:\/\/dea.unsj.edu.ar\/principal\/wp-content\/uploads\/2019\/06\/Ultrasonido-para-Ingenieros-y-Estudiantes-de-Ingenier\u00eda-Veca-Acolti_2016.pdf\">Ultrasonido-para-Ingenieros-y-Estudiantes-de-Ingenier\u00eda-Veca-Acolti_2016<\/a><a href=\"http:\/\/dea.unsj.edu.ar\/principal\/wp-content\/uploads\/2019\/06\/Ultrasonido-para-Ingenieros-y-Estudiantes-de-Ingenier\u00eda-Veca-Acolti_2016.pdf\" class=\"wp-block-file__button\" download>Descarga<\/a><\/div>\n\n\n\n<p>T\u00edtulo:\u00a0 Ultrasonido para Ingenieros y Estudiantes de Ingenier\u00eda. <\/p>\n\n\n\n<p>A\u00f1o: 2016<\/p>\n\n\n\n<p>Autor\/es: Angel C. Veca &#8211; Ernesto Accolti.<\/p>\n\n\n\n<p>ISBN:  978-987-42-0588-9<\/p>\n\n\n\n<p>Contenido:<\/p>\n\n\n<p>Pr\u00f3logo del Editor<\/p>\n<p><strong>Cap\u00edtulo I Introducci\u00f3n 1 <\/strong><\/p>\n<p>1.1. \u00bfQu\u00e9 se entiende por Ultrasonido? 2<\/p>\n<p>1.2. Breve Introducci\u00f3n Hist\u00f3rica 2<\/p>\n<p>1.3. El ultrasonido en la naturaleza 7<\/p>\n<p>1.4. S\u00edntesis del contenido de la obra 8<\/p>\n<p>1.4.1. Mecanismo de detecci\u00f3n del murci\u00e9lago o ecolocalizaci\u00f3n 14<\/p>\n<p>1.4.1.1. Efecto Doppler 15<\/p>\n<p>1.4.2. \u00bfQu\u00e9 es lo que el murci\u00e9lago no puede hacer? 17<\/p>\n<p>1.4.3. Aplicaciones del ultrasonido en el aire 18<\/p>\n<p>1.4.4. Campos actuales del ultrasonido orientados a la defectolog\u00eda, instrumentaci\u00f3n industrial y diagn\u00f3stico m\u00e9dico 22<\/p>\n<p>1.4.4.1. M\u00e9todos para la determinaci\u00f3n de defectos en materiales y anomal\u00edas en el \u00e1rea de la medicina 22<\/p>\n<p>1.4.4.2. M\u00e9todos de END 23<\/p>\n<p>1.4.4.3. M\u00e9todos usados en Medicina 24<\/p>\n<p>1.4.4.4. Instrumentaci\u00f3n industrial y bio instrumentaci\u00f3n 25<\/p>\n<p>1.4.4.5. Aplicaciones del Ultrasonidos de Potencia 28<\/p>\n<p>1.5. Problemas propuestos 31<\/p>\n<p>1.6. Referencias 32<\/p>\n<p><strong>Cap\u00edtulo II Principios F\u00edsicos, Ondas y Medios 39 <\/strong><\/p>\n<p>2.1. Introducci\u00f3n 40<\/p>\n<p>2.2. Naturaleza de las ondas ultras\u00f3nicas 40<\/p>\n<p>2.2.1. Tipos de Ondas Ultras\u00f3nicas 41<\/p>\n<p>2.2.2. Par\u00e1metros de Inter\u00e9s 43<\/p>\n<p>2.3. Incidencia oblicua a la interfaz. Parte I: Generalidades 46<\/p>\n<p>2.4. Coeficientes de Reflexi\u00f3n y Transmisi\u00f3n I 49<\/p>\n<p>2.5. Incidencia oblicua a la interfaz. Parte II: Coeficientes de Reflexi\u00f3n y Transmisi\u00f3n II 51<\/p>\n<p>2.6. Incidencia Normal a la Interfaz 52<\/p>\n<p>2.7. Incidencia Oblicua a la Interfaz. Parte III: Fluido a Fluido 58<\/p>\n<p>2.8. Incidencia Oblicua a la Interfaz. Parte IV: Fluido a s\u00f3lido y S\u00f3lido a Fluido 60<\/p>\n<p>2.9. Incidencia Oblicua a la Interfaz. Parte V: S\u00f3lido a S\u00f3lido 64<\/p>\n<p>2.10. Atenuaci\u00f3n de las Ondas Ultras\u00f3nicas 67<\/p>\n<p>2.11. Interfaces en medios Biol\u00f3gicos 68 2.11.1. Introducci\u00f3n 68<\/p>\n<p>2.11.2. Breve descripci\u00f3n del Medio Biol\u00f3gico 69<\/p>\n<p>2.11.3. Resumen de los par\u00e1metros ac\u00fasticos de algunos tejidos humanos 74<\/p>\n<p>2.12. Efecto Doppler 78<\/p>\n<p>2.12.1. Introducci\u00f3n 78<\/p>\n<p>2.12.2. Conceptos B\u00e1sicos 79<\/p>\n<p>2.12.2.1. Emisor y receptor en movimiento en la misma direcci\u00f3n y sentido 79<\/p>\n<p>2.12.2.2. Emisor y receptor en movimiento en la misma direcci\u00f3n pero sentido contrario 80<\/p>\n<p>2.12.2.3. Emisor en reposo y receptor en movimiento 81<\/p>\n<p>2.12.3. Efecto Doppler en el Diagn\u00f3stico M\u00e9dico 81<\/p>\n<p>2.12.4. El Efecto Doppler en la Instrumentaci\u00f3n e Industria 83<\/p>\n<p>2.13. Resumen del cap\u00edtulo 83<\/p>\n<p>2.14. Problemas propuestos 84<\/p>\n<p>2.15. Referencias 85<\/p>\n<p>\u00a0<\/p>\n<p><strong>Cap\u00edtulo III Transductores y lentes ac\u00fasticas 87 <\/strong><\/p>\n<p>3.1. Introducci\u00f3n 87<\/p>\n<p>3.2. Definici\u00f3n 87<\/p>\n<p>3.3. Modelo elemental de un Transductor para Ultrasonido 89<\/p>\n<p>3.4. Tipos de Transductores y sus Caracter\u00edsticas Relevantes 91<\/p>\n<p>3.4.1. Electrost\u00e1ticos 92<\/p>\n<p>3.4.2. Electromagn\u00e9ticos 93<\/p>\n<p>3.4.3. Piezoel\u00e9ctricos 93<\/p>\n<p>3.5. Definiciones y Propiedades de las Cer\u00e1micas Piezoel\u00e9ctricas 94<\/p>\n<p>3.5.1. Modelo El\u00e9ctrico, Factor de M\u00e9rito y Acoplamiento de un Transductor Piezoel\u00e9ctrico 97<\/p>\n<p>3.6. El Campo de un Oscilador Ultras\u00f3nico 101<\/p>\n<p>3.6.1. Simulaci\u00f3n del campo de presi\u00f3n de un transductor tipo pist\u00f3n circular plano 106<\/p>\n<p>3.6.2. Radiaci\u00f3n de un Transductor tipo Pist\u00f3n 108<\/p>\n<p>3.7. Excitaci\u00f3n Pulsada y Resoluci\u00f3n Axial 101<\/p>\n<p>3.8. Par\u00e1metros de Calidad de las Im\u00e1genes Ac\u00fasticas 115<\/p>\n<p>3.9. Introducci\u00f3n a Lentes y Arreglos Ac\u00fasticos 116<\/p>\n<p>3.9.1. Lentes Ac\u00fasticas 116<\/p>\n<p>3.9.2. Determinaci\u00f3n del punto de enfoque 119<\/p>\n<p>3.9.3.1. Profundidad del Foco 120<\/p>\n<p>3.9.3.2. Modificaci\u00f3n del l\u00f3bulo de directividad 121<\/p>\n<p>3.9.4. Arreglos ac\u00fasticos 122<\/p>\n<p>3.10. Caracter\u00edsticas constructivas y variantes de transductores piezoel\u00e9ctricos 124 1-Transductores para aire y medios gaseosos 124 2\u2013Transductores de uso en END y Medicina 127<\/p>\n<p>3.10.1. Caracter\u00edsticas temporales y frecuenciales 128<\/p>\n<p>3.10.2. Sonogramas 130<\/p>\n<p>3.11. Otros tipos de Transductores Piezoel\u00e9ctricos 130<\/p>\n<p>3.11.1 Membranas PVDF 130<\/p>\n<p>3.12. Resumen del cap\u00edtulo 133<\/p>\n<p>3.13. Problemas propuestos 135<\/p>\n<p>3.14. Referencias 137<\/p>\n<p><strong>Cap\u00edtulo IV M\u00e9todos de Emisi\u00f3n y Recepci\u00f3n 141 <\/strong><\/p>\n<p>4.1. Introducci\u00f3n 142<\/p>\n<p>4.2. Clasificaci\u00f3n 142<\/p>\n<p>4.2.1. M\u00e9todo de resonancia 143<\/p>\n<p>4.2.2. M\u00e9todo de medida de la intensidad ac\u00fastica 145<\/p>\n<p>4.2.3. M\u00e9todo de Pulso-Eco 146<\/p>\n<p>4.3. Medici\u00f3n de tiempo de transito 148<\/p>\n<p>4.3.1. Introducci\u00f3n 148<\/p>\n<p>4.3.2. Existencia de la Zona Ciega o Zona Muerta del Transductor Receptor 150<\/p>\n<p>4.3.3. Existencia de Ruido 152<\/p>\n<p>4.4. M\u00e9todos para la determinaci\u00f3n del tiempo de tr\u00e1nsito 153<\/p>\n<p>4.4.1. Detecci\u00f3n de tt por Umbral 153<\/p>\n<p>4.4.2. Inconvenientes 153<\/p>\n<p>4.4.3. Medici\u00f3n de tt con Decodificador de Tono 160<\/p>\n<p>4.4.4. Otras formas anal\u00f3gicas para medici\u00f3n de distancias 163<\/p>\n<p>4.5. Resumen del cap\u00edtulo 164<\/p>\n<p>4.6. Preguntas y problemas propuestos 165<\/p>\n<p>4.7. Referencias 168<\/p>\n<p><strong>Cap\u00edtulo V La se\u00f1al de Eco 171 <\/strong><\/p>\n<p>5.1. Introducci\u00f3n 172<\/p>\n<p>5.2. Modelos de la envolvente del eco 172<\/p>\n<p>5.2.1. Modelo Polinomico 172<\/p>\n<p>5.2.1.1. Simulaci\u00f3n de una se\u00f1al de eco descripta por el modelo polinomico 175<\/p>\n<p>5.2.1.2. Constante de amortiguamiento y ancho de banda del transductor 181<\/p>\n<p>5.2.2. Modelo de la envolvente con funciones exponenciales 183<\/p>\n<p>5.2.3. Modelo de envolvente con funciones estad\u00edsticas 185<\/p>\n<p>5.2.3.1. Modelo de envolvente Gaussiana 185<\/p>\n<p>5.2.3.2. Modelo de envolvente con distribuci\u00f3n Gamma 189<\/p>\n<p>5.2.3.3. Modelo de envolvente con distribuci\u00f3n Weibull 190<\/p>\n<p>5.3. Alternativas para la determinaci\u00f3n del tiempo de transito 192<\/p>\n<p>5.3.1. Introducci\u00f3n 192<\/p>\n<p>5.3.2. Funciones de Correlaci\u00f3n 192<\/p>\n<p>5.3.3. Deconvoluci\u00f3n 195<\/p>\n<p>5.3.3.1. Filtro de Wiener 197<\/p>\n<p>5.3.3.2. Filtro de conformaci\u00f3n 197<\/p>\n<p>5.3.3.3. Deconvoluci\u00f3n homom\u00f3rfica 200<\/p>\n<p>5.3.4. Procesamiento Adaptivo 200<\/p>\n<p>5.3.4.1. Variantes del Algoritmo LMS203<\/p>\n<p>5.3.5. Cepstrum204<\/p>\n<p>5.4. Operadores asociados a la reducci\u00f3n de datos206<\/p>\n<p>5.4.1 Introducci\u00f3n206<\/p>\n<p>5.4.2. Detector de m\u00e1ximos206<\/p>\n<p>5.4.3. Detector de m\u00faltiples picos208<\/p>\n<p>5.4.4. Diezmado, interpolaci\u00f3n y compresi\u00f3n209<\/p>\n<p>5.5. Resumen del cap\u00edtulo212<\/p>\n<p>5.6. Problemas propuestos213<\/p>\n<p>5.7. Referencias214<\/p>\n<p><strong>Cap\u00edtulo VI M\u00e9todos de Registro y T\u00e9cnicas Operatorias I 219 <\/strong><\/p>\n<p>6.1. Introducci\u00f3n 220<\/p>\n<p>6.2. G\u00e9nesis de la se\u00f1al ultras\u00f3nica con la t\u00e9cnica emisi\u00f3n pulsada220 Transparencia 221 Pulso-eco 221 Se\u00f1al de medio sin defecto 222 Se\u00f1al de medio con defecto 222 Se\u00f1al de un conjunto de medios 222<\/p>\n<p>6.3. Sistemas de Representaci\u00f3n224<\/p>\n<p>6.3.1. Representaci\u00f3n tipo: A-scan224<\/p>\n<p>6.4. Base de Tiempo y Sincronismo225<\/p>\n<p>6.5. Interpretaci\u00f3n de Registros T\u00edpicos226 Caso I: Medio sin impurezas ni defectos 226 Caso II: Medio conteniendo una impureza 227 Caso III: Medio conteniendo una impureza y una fisura 229 Caso IV: Medio conteniendo una impureza o una fisura inclinada respecto al haz 229 Caso V: Medio con falta de paralelismo de las caras 229 Caso VI: Medio que contiene microporosidades 230 Caso VII: Medio con superficies paralelas de reducido espesor 231<\/p>\n<p>6.6. Lupa de Profundidad231<\/p>\n<p>6.7. Sincronizaci\u00f3n por Eco de Interfaz231<\/p>\n<p>6.8. Errores de Registros por mala elecci\u00f3n de la frecuencia de barrido 233<\/p>\n<p>6.9. Representaci\u00f3n de la Amplitud234<\/p>\n<p>6.<em>10 <\/em>Control Atenuaci\u00f3n Distancia CAD234<\/p>\n<p>6.11. Esquemas de Sistemas para Registros tipo A-scan234<\/p>\n<p>6.11.1. Arquitectura del Sistema SENDAS237<\/p>\n<p>6.11.2. ULTRASCOPE: Un sistema para END por ultrasonidos de altas prestaciones 240<\/p>\n<p>6.12. Resumen del cap\u00edtulo251<\/p>\n<p>6.13. Preguntas y problemas propuestos252<\/p>\n<p>6.14. Referencias254<\/p>\n<p><strong>Cap\u00edtulo VII M\u00e9todos de Registro y T\u00e9cnicas Operatorias II 257 <\/strong><\/p>\n<p>7.1. Introducci\u00f3n258<\/p>\n<p>7.2. Diferencias entre Modos, Pantallas o Scan seg\u00fan la Naturaleza de la Aplicaci\u00f3n 258<\/p>\n<p>7.3. Esquemas de Representaci\u00f3n en Ecograf\u00eda M\u00e9dica y en END: A-scan, B-scan (Modo A, modo B) 259<\/p>\n<p>7.4. Formaci\u00f3n de Im\u00e1genes en Ecograf\u00eda M\u00e9dica, Modo M260<\/p>\n<p>7.4.1. M\u00e9todos empleados en Diagn\u00f3stico M\u00e9dico261 Est\u00e1tico 261 Oscilante 262 Rotatorios 263<\/p>\n<p>7.4.2. Sistema para Ecograf\u00eda Medicina263 Pulser 263 Receptor 264 Control de Profundidad 264 Conversor A\/D 264 Buffer Temporal 264 Convertidor Digital de Barrido 264 Memoria de Pantalla 264 Post-Procesamiento de Imagen 264 Pantalla para la Presentaci\u00f3n de la Imagen y Datos 266 Unidad Central de Procesamiento 266 Palpador o Array 266<\/p>\n<p>7.4.2.1. Operatoria266<\/p>\n<p>7.5. Presentaci\u00f3n de los resultados del ensayo en END266<\/p>\n<p>7.5.1. An\u00e1lisis de un caso de B-scan267<\/p>\n<p>7.5.2. C-scan y D-scan270<\/p>\n<p>7.6. M\u00e9todos de Exploraci\u00f3n Electr\u00f3nica272<\/p>\n<p>7.6.1. Sistemas Lineales272<\/p>\n<p>7.6.2. Sistemas Sectoriales274<\/p>\n<p>7.7. Otros M\u00e9todos usados en END275 C\u00e1lculo del tama\u00f1o y profundidad del defecto 277<\/p>\n<p>7.8. Resumen del cap\u00edtulo279<\/p>\n<p>7.9. Preguntas y problemas propuestos280<\/p>\n<p>7.10 Referencias281<\/p>\n<p><strong>Cap\u00edtulo VIII Estimaci\u00f3n de la Excitaci\u00f3n y de la Ganancia para una Aplicaci\u00f3n Espec\u00edfica 285 <\/strong><\/p>\n<p>8.1. Introducci\u00f3n286<\/p>\n<p>8.2. Ultrasonido en el aire286<\/p>\n<p>8.2.1. Definiciones y unidades286<\/p>\n<p>8.2.2. Atenuaci\u00f3n287<\/p>\n<p>8.2.3. Consideraciones generales acerca de los transductores piezoel\u00e9ctricos para aire 288<\/p>\n<p>8.2.4. Determinaci\u00f3n de las caracter\u00edsticas del sistema de ultrasonido 290<\/p>\n<p>8.2.4.1. Determinaci\u00f3n de la sensibilidad del receptor 290<\/p>\n<p>8.2.4.2. Caso pulso-eco 291<\/p>\n<p>8.3. Aplicaci\u00f3n en END y Medicina 294<\/p>\n<p>8.3.1 Atenuaci\u00f3n por cambio de medio 294<\/p>\n<p>8.3.2. Otros Par\u00e1metros del Campo de Sonido 295<\/p>\n<p>8.3.2.1. Di\u00e1metro del Haz 295<\/p>\n<p>8.3.2.2. Zona Focal 296<\/p>\n<p>8.3.2.3. Variaciones con la distancia focal debido a la velocidad ac\u00fastica y geometr\u00eda del ensayo 296<\/p>\n<p>8.3.2.4. Ganancia de Enfoque 297<\/p>\n<p>8.3.3. Excitaci\u00f3n de los transductores 298<\/p>\n<p>8.4. Resumen del cap\u00edtulo 300<\/p>\n<p>8.5. Preguntas y Problemas propuestos 300<\/p>\n<p>8.6. Referencias Bibliogr\u00e1ficas 301<\/p>\n<p><strong>Cap\u00edtulo IX Introducci\u00f3n a los Arrays y a la Focalizaci\u00f3n Electr\u00f3nica 303 <\/strong><\/p>\n<p>9.1. Introducci\u00f3n 304<\/p>\n<p>9.2. Concepto de Array 305<\/p>\n<p>9.2.1. Interferencia de ondas 306<\/p>\n<p>9.3 Arrays lineales de N fuentes equiespaciadas 308<\/p>\n<p>9.3.1. L\u00f3bulos de rejilla 310<\/p>\n<p>9.4. Sistemas de imagen ultras\u00f3nica 312<\/p>\n<p>9.4.1. Sistemas de barrido lineal 313<\/p>\n<p>9.4.2. Sistemas de barrido sectorial (Phased Arrays) 315<\/p>\n<p>9.5. Focalizaci\u00f3n y deflexi\u00f3n del haz 317<\/p>\n<p>9.5.1. Focalizaci\u00f3n en el eje principal 317<\/p>\n<p>9.5.2. Focalizaci\u00f3n y deflexi\u00f3n del haz en un punto arbitrario 318<\/p>\n<p>9.5.3 Generaci\u00f3n de los Retardos 320<\/p>\n<p>9.5.4. Focalizaci\u00f3n en recepci\u00f3n 322<\/p>\n<p>9.5.4.1. T\u00e9cnicas Confocales 324<\/p>\n<p>9.6. T\u00e9cnicas electr\u00f3nicas de focalizaci\u00f3n din\u00e1mica en recepci\u00f3n 326<\/p>\n<p>9.6.1. T\u00e9cnicas digitales convencionales 326<\/p>\n<p>9.6.2. T\u00e9cnicas mixtas 327<\/p>\n<p>9.6.3. T\u00e9cnicas de Apertura Sint\u00e9tica (SAFT) 328<\/p>\n<p>9.6.4. Focalizaci\u00f3n por software 328<\/p>\n<p>9.6.4.1. Problemas 329<\/p>\n<p>9.6.5. Focalizaci\u00f3n con interpolaci\u00f3n 331<\/p>\n<p>9.6.5.1. Radiofrecuencia 335<\/p>\n<p>9.6.5.2. Banda base 336<\/p>\n<p>9.6.5.3. Generaci\u00f3n din\u00e1mica de retardos 338<\/p>\n<p>9.6.5.4. T\u00e9cnicas de Muestreo Selectivo (TMS) 339<\/p>\n<p>9.7. Elementos de simulaci\u00f3n 341<\/p>\n<p>9.7.1. Monopolo 341<\/p>\n<p>9.7.2. Dos fuentes monopolares 343<\/p>\n<p>9.7.3. Array 345<\/p>\n<p>9.8. Ejemplo de array en una aplicaci\u00f3n espec\u00edfica 347<\/p>\n<p>9.8.1. END 347<\/p>\n<p>9.8.2. Medicina 350<\/p>\n<p>9.9. Resumen del cap\u00edtulo 350<\/p>\n<p>9.10. Preguntas y Problemas propuestos 351<\/p>\n<p>9.11. Referencias 355<\/p>\n<p><strong>Cap\u00edtulo X Efecto Doppler en Medicina 357 <\/strong><\/p>\n<p>10.1. Introducci\u00f3n 358<\/p>\n<p>10.2. Clasificaci\u00f3n 359<\/p>\n<p>10.2. Sistemas Doppler de Onda Continua 362<\/p>\n<p>10.3.1. Sistemas Doppler de Onda Continua no Direccionales 362<\/p>\n<p>10.3.2. Sistemas Doppler de Onda Continua Direccionales 363<\/p>\n<p>10.3.3. Demodulaci\u00f3n 363<\/p>\n<p>10.3.3.1. Filtrado de Banda lateral o Detector de Envolvente 360<\/p>\n<p>10.3.3.2. Demodulaci\u00f3n Heterodina 364<\/p>\n<p>10.3.3.3. Demodulaci\u00f3n por Cuadratura de Fase 366<\/p>\n<p>10.3.4. Estimaci\u00f3n de la velocidad y \u00e1ngulo de incidencia 367<\/p>\n<p>10.4. Sistemas Doppler Pulsado 369<\/p>\n<p>10.4.1. Limitaciones del Doppler Pulsado 372<\/p>\n<p>10.4.1.1. Ambig\u00fcedad en la velocidad y en el rango 373<\/p>\n<p>10.4.2. Doppler Pulsado Direccional 375<\/p>\n<p>10.4.2.1. Determinaci\u00f3n de la direcci\u00f3n del flujo 376<\/p>\n<p>10.4.2.2. T\u00e9cnica del filtro de fase 376<\/p>\n<p>10.4.2.3. T\u00e9cnica Digital 377<\/p>\n<p>10.4.2.4. Transformada compleja de Fourier 378<\/p>\n<p>10.5. Resumen de las diferencias entre Doppler Continuo y Pulsado 379<\/p>\n<p>10.6. Combinaci\u00f3n Doppler Imagen 381<\/p>\n<p>10.7. Variantes del Doppler Pulsado 381<\/p>\n<p>10.7.1. Doppler Color 381<\/p>\n<p>10.7.2. Doppler de Energ\u00eda (Power Mode) 383<\/p>\n<p>10.7.3. Doppler Pared 384<\/p>\n<p>10.8. Resumen del cap\u00edtulo 384<\/p>\n<p>10.9. Problemas propuestos 386<\/p>\n<p>10.10. Referencias 387<\/p>\n<p><strong>Cap\u00edtulo XI Generaci\u00f3n de Ultrasonido de Potencia 389 <\/strong><\/p>\n<p>11.1. Introducci\u00f3n 390<\/p>\n<p>11.2. Materiales para transductores de ultrasonido de potencia 391<\/p>\n<p>11.2.1. Cer\u00e1micas piezoel\u00e9ctricas 391<\/p>\n<p>11.2.1.1. Limitaciones de potencia de las cer\u00e1micas piezoel\u00e9ctricas 392<\/p>\n<p>11.2.2. Materiales piezomagn\u00e9ticos 392<\/p>\n<p>11.2.3. Diferencia ente materiales piezoel\u00e9ctricos y piezomagn\u00e9ticos 393<\/p>\n<p>11.2.4. Componentes met\u00e1licos 394<\/p>\n<p>11.3. Transductor Langevin 394<\/p>\n<p>11.3.1. Transductores Langevin para aplicaciones en s\u00f3lidos 397<\/p>\n<p>11.3.2. Transductores Langevin para aplicaciones en fluidos 398<\/p>\n<p>11.4. An\u00e1lisis detallado de un transductor tipo Langevin 399<\/p>\n<p>11.4.1. Mejora de la intensidad de radiaci\u00f3n y ancho de banda por medio de secciones extremas diferentes 406<\/p>\n<p>11.4.2. Rendimiento 410<\/p>\n<p>11.5 Modelos de un transductor tipo Langevin 412<\/p>\n<p>11.5.1. Modelos del transductor completo 415 11.5.1.1.Modelo Mason 415<\/p>\n<p>11.5.1.2. Modelo Redwood 416<\/p>\n<p>11.5.1.3. Modelo KLM 416<\/p>\n<p>11.5.2. Modelo completo del transductor 417<\/p>\n<p>11.5.3. Simplificaci\u00f3n del modelo 419<\/p>\n<p>11.5.4. Sinton\u00eda del transductor 421<\/p>\n<p>11.6. Detalles constructivos de transductores de alta intensidad 424<\/p>\n<p>11.7. Sonar 426<\/p>\n<p>11.7.1. Frecuencia de operaci\u00f3n, ancho de banda y directividad 427<\/p>\n<p>11.7.2. Transductores de ultrasonido en sistemas de sonar 428<\/p>\n<p>11.7.3. Acoplamiento El\u00e9ctrico 428<\/p>\n<p>11.7.4. Par\u00e1metros de un transductor para sonar t\u00edpico 429<\/p>\n<p>11.8. Resumen del cap\u00edtulo 430<\/p>\n<p>11.9. Preguntas y problemas propuestos 431<\/p>\n<p>11.10. Referencias 433<\/p>\n<p>Ap\u00e9ndice A Ondas Longitudinales y Transversales 437 A1. Coeficientes de Young, Poisson y de compresibilidad 437 A2. Velocidad de propagaci\u00f3n 438 A2.1. Ondas longitudinales en medios materiales 438 A2.1.1. Ondas longitudinales en medios gaseosos 440 A2.2. Ondas transversales en medios materiales 441 A3. Ecuaciones finales y relaci\u00f3n entre los diferentes tipos de ondas 442 A4. Referencias 443<\/p>\n<p>Ap\u00e9ndice B 445 Elementos de Electroac\u00fastica. Analog\u00edas electro-mecano-ac\u00fasticas 445 B1. Sistemas mec\u00e1nicos 445 B1.1. Masa mec\u00e1nica 446 B1.2. Resorte 446 B1.3. Fricci\u00f3n 447 B1.4. Impedancia mec\u00e1nica 448 B2. Circuitos ac\u00fasticos 449 B2.1. Masa ac\u00fastica (inertancia) 449 B2.2. Compliancia ac\u00fastica 450 B2.3. Resistencia ac\u00fastica 452 B2.4. Impedancia ac\u00fastica 453 B3. Referencias 454<\/p>\n<p>Anexo A Propiedades Ac\u00fasticas de Medios Materiales Met\u00e1licos, no Met\u00e1licos y L\u00edquidos 457 TABLA A1. Densidades, Velocidades e Impedancias Ac\u00fasticas de Materiales Met\u00e1licos 457 TABLA A2. Densidades, Velocidades e Impedancias Ac\u00fasticas de Materiales no Met\u00e1licos 458 TABLA A3. Densidades, Velocidades e Impedancias Ac\u00fasticas en L\u00edquidos 459<\/p>\n<p>Ap\u00e9ndice C Medici\u00f3n de tt con circuitos electr\u00f3nicos especializados 461 C1. Introducci\u00f3n 461 C2. Determinaci\u00f3n de tt por conversi\u00f3n de tiempo a distancia 461 C3. Medici\u00f3n de tt con Circuitos Integrados dedicados 461 C3.1. Sistema de sonar basado en el LM1812 461 C3.1.1. Ventajas y desventajas 464 C3.2. M\u00f3dulos Massa 465 C3.2.1. An\u00e1lisis de la serie E-201B 465 C3.2.2. An\u00e1lisis de la serie E-220B 466 C3.2.3. Ventajas y desventajas 467 C3.3. Circuitos para sonar Texas 468 C3.4. Sistemas para sonar Polariod 469 C4. Referencias 470<\/p>\n<p>Indice alfab\u00e9tico 471<\/p>","protected":false},"excerpt":{"rendered":"<div class=\"entry-summary\">\nT\u00edtulo:\u00a0 Ultrasonido para Ingenieros y Estudiantes de Ingenier\u00eda. A\u00f1o: 2016 Autor\/es: Angel C. Veca &#8211; Ernesto Accolti. ISBN: 978-987-42-0588-9 Contenido:&hellip;\n<\/div>\n<div class=\"link-more\"><a href=\"https:\/\/dea.unsj.edu.ar\/principal\/oferta-academica\/biblioteca-libre-del-dea\/libro-ultrasonido-para-ingenieros-y-estudiantes-de-ingenieria\/\" class=\"more-link\">Continue reading<span class=\"screen-reader-text\"> &ldquo;Libro: Ultrasonido para Ingenieros y Estudiantes de Ingenier\u00eda&rdquo;<\/span>&hellip;<\/a><\/div>\n","protected":false},"author":1,"featured_media":1573,"parent":1547,"menu_order":0,"comment_status":"closed","ping_status":"closed","template":"","meta":{"_acf_changed":false,"jetpack_post_was_ever_published":false,"footnotes":""},"class_list":["post-1572","page","type-page","status-publish","has-post-thumbnail","hentry","entry"],"acf":[],"jetpack_sharing_enabled":true,"jetpack_shortlink":"https:\/\/wp.me\/PaLbeA-pm","_links":{"self":[{"href":"https:\/\/dea.unsj.edu.ar\/principal\/wp-json\/wp\/v2\/pages\/1572","targetHints":{"allow":["GET"]}}],"collection":[{"href":"https:\/\/dea.unsj.edu.ar\/principal\/wp-json\/wp\/v2\/pages"}],"about":[{"href":"https:\/\/dea.unsj.edu.ar\/principal\/wp-json\/wp\/v2\/types\/page"}],"author":[{"embeddable":true,"href":"https:\/\/dea.unsj.edu.ar\/principal\/wp-json\/wp\/v2\/users\/1"}],"replies":[{"embeddable":true,"href":"https:\/\/dea.unsj.edu.ar\/principal\/wp-json\/wp\/v2\/comments?post=1572"}],"version-history":[{"count":0,"href":"https:\/\/dea.unsj.edu.ar\/principal\/wp-json\/wp\/v2\/pages\/1572\/revisions"}],"up":[{"embeddable":true,"href":"https:\/\/dea.unsj.edu.ar\/principal\/wp-json\/wp\/v2\/pages\/1547"}],"wp:featuredmedia":[{"embeddable":true,"href":"https:\/\/dea.unsj.edu.ar\/principal\/wp-json\/wp\/v2\/media\/1573"}],"wp:attachment":[{"href":"https:\/\/dea.unsj.edu.ar\/principal\/wp-json\/wp\/v2\/media?parent=1572"}],"curies":[{"name":"wp","href":"https:\/\/api.w.org\/{rel}","templated":true}]}}