{"id":1041,"date":"2019-03-12T18:08:59","date_gmt":"2019-03-12T21:08:59","guid":{"rendered":"http:\/\/dea.unsj.edu.ar\/principal\/?page_id=1041"},"modified":"2019-03-12T18:08:59","modified_gmt":"2019-03-12T21:08:59","slug":"viaje-educativo-2017","status":"publish","type":"page","link":"https:\/\/dea.unsj.edu.ar\/principal\/alumnos\/viajes-educativos\/viaje-educativo-2017\/","title":{"rendered":"Viaje Educativo 2017"},"content":{"rendered":"\n<h1 class=\"wp-block-heading\">1.&nbsp;&nbsp;&nbsp;&nbsp;&nbsp;\nIntroducci\u00f3n<\/h1>\n\n\n\n<p>Los objetivos del viaje fueron<\/p>\n\n\n\n<p>\u00b7&nbsp;&nbsp;&nbsp;&nbsp;&nbsp;&nbsp;\nTomar contacto con f\u00e1bricas e instituciones relacionadas a la\ningenier\u00eda electr\u00f3nica y bioingenier\u00eda asistiendo a expomedical 2017 y smart\ncity buenos aires 2017<\/p>\n\n\n\n<p>\u00b7&nbsp;&nbsp;&nbsp;&nbsp;&nbsp;&nbsp;\nConocer las labores de los profesionales dentro de la\norganizaci\u00f3n<\/p>\n\n\n\n<p>\u00b7&nbsp;&nbsp;&nbsp;&nbsp;&nbsp;&nbsp;\nTomar contacto con la experiencia de las organizaciones visitadas<\/p>\n\n\n\n<p>\u00b7&nbsp;&nbsp;&nbsp;&nbsp;&nbsp;&nbsp;\nObservar la aplicaci\u00f3n de conocimientos adquiridos en la\nformaci\u00f3n acad\u00e9mica<\/p>\n\n\n\n<p>\u00b7&nbsp;&nbsp;&nbsp;&nbsp;&nbsp;&nbsp;\n&nbsp;<\/p>\n\n\n\n<h1 class=\"wp-block-heading\">2.&nbsp;&nbsp;&nbsp;&nbsp;&nbsp;\nItinerario del viaje<\/h1>\n\n\n\n<h3 class=\"wp-block-heading\">A)&nbsp;&nbsp;&nbsp;&nbsp;&nbsp;&nbsp;&nbsp;&nbsp;&nbsp;&nbsp;&nbsp;&nbsp;&nbsp;&nbsp;\nEXPOMEDICAL<\/h3>\n\n\n\n<figure class=\"wp-block-image\"><img decoding=\"async\" src=\"http:\/\/dea.unsj.edu.ar\/visitas\/Viaje_2017_archivos\/image001.gif\" alt=\"\"\/><\/figure>\n\n\n\n<figure class=\"wp-block-image\"><img decoding=\"async\" src=\"http:\/\/dea.unsj.edu.ar\/visitas\/Viaje_2017_archivos\/image002.gif\" alt=\"\"\/><\/figure>\n\n\n\n<figure class=\"wp-block-image\"><img decoding=\"async\" src=\"http:\/\/dea.unsj.edu.ar\/visitas\/Viaje_2017_archivos\/image003.gif\" alt=\"\"\/><\/figure>\n\n\n\n<figure class=\"wp-block-image\"><img decoding=\"async\" src=\"http:\/\/dea.unsj.edu.ar\/visitas\/Viaje_2017_archivos\/image004.gif\" alt=\"\"\/><\/figure>\n\n\n\n<h3 class=\"wp-block-heading\">B)&nbsp;&nbsp;&nbsp;&nbsp;&nbsp;&nbsp;&nbsp;&nbsp;&nbsp;&nbsp;&nbsp;&nbsp;&nbsp;&nbsp;\nTHEUS<\/h3>\n\n\n\n<figure class=\"wp-block-image\"><img decoding=\"async\" src=\"http:\/\/dea.unsj.edu.ar\/visitas\/Viaje_2017_archivos\/image005.gif\" alt=\"\"\/><\/figure>\n\n\n\n<h3 class=\"wp-block-heading\">C)&nbsp;&nbsp;&nbsp;&nbsp;&nbsp;&nbsp;&nbsp;&nbsp;&nbsp;&nbsp;&nbsp;&nbsp;&nbsp;&nbsp;\nAIR PRODUCTS SRL<\/h3>\n\n\n\n<figure class=\"wp-block-image\"><img decoding=\"async\" src=\"http:\/\/dea.unsj.edu.ar\/visitas\/Viaje_2017_archivos\/image006.gif\" alt=\"\"\/><\/figure>\n\n\n\n<h3 class=\"wp-block-heading\">D)&nbsp;&nbsp;&nbsp;&nbsp;&nbsp;&nbsp;&nbsp;&nbsp;&nbsp;&nbsp;&nbsp;&nbsp;&nbsp;\nPRINT.AR<\/h3>\n\n\n\n<figure class=\"wp-block-image\"><img decoding=\"async\" src=\"http:\/\/dea.unsj.edu.ar\/visitas\/Viaje_2017_archivos\/image007.gif\" alt=\"\"\/><\/figure>\n\n\n\n<h3 class=\"wp-block-heading\">E)&nbsp;&nbsp;&nbsp;&nbsp;&nbsp;&nbsp;&nbsp;&nbsp;&nbsp;&nbsp;&nbsp;&nbsp;&nbsp;&nbsp;\nMETALMEDICA<\/h3>\n\n\n\n<figure class=\"wp-block-image\"><img decoding=\"async\" src=\"http:\/\/dea.unsj.edu.ar\/visitas\/Viaje_2017_archivos\/image008.gif\" alt=\"\"\/><\/figure>\n\n\n\n<h3 class=\"wp-block-heading\">F)&nbsp;&nbsp;&nbsp;&nbsp;&nbsp;&nbsp;&nbsp;&nbsp;&nbsp;&nbsp;&nbsp;&nbsp;&nbsp;&nbsp;&nbsp;\nLEISTUNG<\/h3>\n\n\n\n<figure class=\"wp-block-image\"><img decoding=\"async\" src=\"http:\/\/dea.unsj.edu.ar\/visitas\/Viaje_2017_archivos\/image009.gif\" alt=\"\"\/><\/figure>\n\n\n\n<h3 class=\"wp-block-heading\">G)&nbsp;&nbsp;&nbsp;&nbsp;&nbsp;&nbsp;&nbsp;&nbsp;&nbsp;&nbsp;&nbsp;&nbsp;&nbsp;&nbsp;\nTECNOIMAGEN<\/h3>\n\n\n\n<figure class=\"wp-block-image\"><img decoding=\"async\" src=\"http:\/\/dea.unsj.edu.ar\/visitas\/Viaje_2017_archivos\/image010.gif\" alt=\"\"\/><\/figure>\n\n\n\n<h3 class=\"wp-block-heading\">H)&nbsp;&nbsp;&nbsp;&nbsp;&nbsp;&nbsp;&nbsp;&nbsp;&nbsp;&nbsp;&nbsp;&nbsp;&nbsp;\nANMAT<\/h3>\n\n\n\n<figure class=\"wp-block-image\"><img decoding=\"async\" src=\"http:\/\/dea.unsj.edu.ar\/visitas\/Viaje_2017_archivos\/image011.gif\" alt=\"\"\/><\/figure>\n\n\n\n<h3 class=\"wp-block-heading\">I)&nbsp;&nbsp;&nbsp;&nbsp;&nbsp;&nbsp;&nbsp;&nbsp;&nbsp;&nbsp;&nbsp;&nbsp;&nbsp;&nbsp;&nbsp;&nbsp;\nINTI<\/h3>\n\n\n\n<figure class=\"wp-block-image\"><img decoding=\"async\" src=\"http:\/\/dea.unsj.edu.ar\/visitas\/Viaje_2017_archivos\/image012.gif\" alt=\"\"\/><\/figure>\n\n\n\n<h3 class=\"wp-block-heading\">J)&nbsp;&nbsp;&nbsp;&nbsp;&nbsp;&nbsp;&nbsp;&nbsp;&nbsp;&nbsp;&nbsp;&nbsp;&nbsp;&nbsp;&nbsp;&nbsp;\nCAEHFA<\/h3>\n\n\n\n<figure class=\"wp-block-image\"><img decoding=\"async\" src=\"http:\/\/dea.unsj.edu.ar\/visitas\/Viaje_2017_archivos\/image013.gif\" alt=\"\"\/><\/figure>\n\n\n\n<h3 class=\"wp-block-heading\">K)&nbsp;&nbsp;&nbsp;&nbsp;&nbsp;&nbsp;&nbsp;&nbsp;&nbsp;&nbsp;&nbsp;&nbsp;&nbsp;\nSMART CITY BUENOS AIRES<\/h3>\n\n\n\n<figure class=\"wp-block-image\"><img decoding=\"async\" src=\"http:\/\/dea.unsj.edu.ar\/visitas\/Viaje_2017_archivos\/image014.gif\" alt=\"\"\/><\/figure>\n\n\n\n<figure class=\"wp-block-image\"><img decoding=\"async\" src=\"http:\/\/dea.unsj.edu.ar\/visitas\/Viaje_2017_archivos\/image015.gif\" alt=\"\"\/><\/figure>\n\n\n\n<h3 class=\"wp-block-heading\">L)&nbsp;&nbsp;&nbsp;&nbsp;&nbsp;&nbsp;&nbsp;&nbsp;&nbsp;&nbsp;&nbsp;&nbsp;&nbsp;&nbsp;&nbsp;\nVOTO ELECTR\u00d3NICO<\/h3>\n\n\n\n<figure class=\"wp-block-image\"><img decoding=\"async\" src=\"http:\/\/dea.unsj.edu.ar\/visitas\/Viaje_2017_archivos\/image016.gif\" alt=\"\"\/><\/figure>\n\n\n\n<h3 class=\"wp-block-heading\">M)&nbsp;&nbsp;&nbsp;&nbsp;&nbsp;&nbsp;&nbsp;&nbsp;&nbsp;&nbsp;&nbsp;&nbsp;\nREALIDAD VIRTUAL ENTRENAMIENTO POLIC\u00cdA<\/h3>\n\n\n\n<figure class=\"wp-block-image\"><img decoding=\"async\" src=\"http:\/\/dea.unsj.edu.ar\/visitas\/Viaje_2017_archivos\/image017.gif\" alt=\"\"\/><\/figure>\n\n\n\n<h3 class=\"wp-block-heading\">N)&nbsp;&nbsp;&nbsp;&nbsp;&nbsp;&nbsp;&nbsp;&nbsp;&nbsp;&nbsp;&nbsp;&nbsp;&nbsp;\nCENTRO MONITOREO LA PLATA<\/h3>\n\n\n\n<figure class=\"wp-block-image\"><img decoding=\"async\" src=\"http:\/\/dea.unsj.edu.ar\/visitas\/Viaje_2017_archivos\/image018.gif\" alt=\"\"\/><\/figure>\n\n\n\n<figure class=\"wp-block-image\"><img decoding=\"async\" src=\"http:\/\/dea.unsj.edu.ar\/visitas\/Viaje_2017_archivos\/image019.gif\" alt=\"\"\/><\/figure>\n\n\n\n<figure class=\"wp-block-image\"><img decoding=\"async\" src=\"http:\/\/dea.unsj.edu.ar\/visitas\/Viaje_2017_archivos\/image020.gif\" alt=\"\"\/><\/figure>\n\n\n\n<h3 class=\"wp-block-heading\">O)&nbsp;&nbsp;&nbsp;&nbsp;&nbsp;&nbsp;&nbsp;&nbsp;&nbsp;&nbsp;&nbsp;&nbsp;&nbsp;\nINIPOP<\/h3>\n\n\n\n<figure class=\"wp-block-image\"><img decoding=\"async\" src=\"http:\/\/dea.unsj.edu.ar\/visitas\/Viaje_2017_archivos\/image021.gif\" alt=\"\"\/><\/figure>\n\n\n\n<h3 class=\"wp-block-heading\">P)&nbsp;&nbsp;&nbsp;&nbsp;&nbsp;&nbsp;&nbsp;&nbsp;&nbsp;&nbsp;&nbsp;&nbsp;&nbsp;&nbsp;\nSIEMENS<\/h3>\n\n\n\n<figure class=\"wp-block-image\"><img decoding=\"async\" src=\"http:\/\/dea.unsj.edu.ar\/visitas\/Viaje_2017_archivos\/image022.gif\" alt=\"\"\/><\/figure>\n\n\n\n<h3 class=\"wp-block-heading\">Q)&nbsp;&nbsp;&nbsp;&nbsp;&nbsp;&nbsp;&nbsp;&nbsp;&nbsp;&nbsp;&nbsp;&nbsp;&nbsp;\nPERSONAL<\/h3>\n\n\n\n<figure class=\"wp-block-image\"><img decoding=\"async\" src=\"http:\/\/dea.unsj.edu.ar\/visitas\/Viaje_2017_archivos\/image023.gif\" alt=\"\"\/><\/figure>\n\n\n\n<h3 class=\"wp-block-heading\">R)&nbsp;&nbsp;&nbsp;&nbsp;&nbsp;&nbsp;&nbsp;&nbsp;&nbsp;&nbsp;&nbsp;&nbsp;&nbsp;\nSTATUPS MICROSOFT<\/h3>\n\n\n\n<figure class=\"wp-block-image\"><img decoding=\"async\" src=\"http:\/\/dea.unsj.edu.ar\/visitas\/Viaje_2017_archivos\/image024.gif\" alt=\"\"\/><\/figure>\n\n\n\n<h3 class=\"wp-block-heading\">S)&nbsp;&nbsp;&nbsp;&nbsp;&nbsp;&nbsp;&nbsp;&nbsp;&nbsp;&nbsp;&nbsp;&nbsp;&nbsp;&nbsp;&nbsp;\nPHILIPS SMART CITIES<\/h3>\n\n\n\n<figure class=\"wp-block-image\"><img decoding=\"async\" src=\"http:\/\/dea.unsj.edu.ar\/visitas\/Viaje_2017_archivos\/image025.gif\" alt=\"\"\/><\/figure>\n\n\n\n<h3 class=\"wp-block-heading\">T)&nbsp;&nbsp;&nbsp;&nbsp;&nbsp;&nbsp;&nbsp;&nbsp;&nbsp;&nbsp;&nbsp;&nbsp;&nbsp;&nbsp;\nBGH<\/h3>\n\n\n\n<figure class=\"wp-block-image\"><img decoding=\"async\" src=\"http:\/\/dea.unsj.edu.ar\/visitas\/Viaje_2017_archivos\/image026.gif\" alt=\"\"\/><\/figure>\n\n\n\n<h3 class=\"wp-block-heading\">U)&nbsp;&nbsp;&nbsp;&nbsp;&nbsp;&nbsp;&nbsp;&nbsp;&nbsp;&nbsp;&nbsp;&nbsp;&nbsp;\nTELEF\u00d3NICA<\/h3>\n\n\n\n<figure class=\"wp-block-image\"><img decoding=\"async\" src=\"http:\/\/dea.unsj.edu.ar\/visitas\/Viaje_2017_archivos\/image027.gif\" alt=\"\"\/><\/figure>\n\n\n\n<h3 class=\"wp-block-heading\">V)&nbsp;&nbsp;&nbsp;&nbsp;&nbsp;&nbsp;&nbsp;&nbsp;&nbsp;&nbsp;&nbsp;&nbsp;&nbsp;&nbsp;\nDINALIGHT<\/h3>\n\n\n\n<figure class=\"wp-block-image\"><img decoding=\"async\" src=\"http:\/\/dea.unsj.edu.ar\/visitas\/Viaje_2017_archivos\/image028.gif\" alt=\"\"\/><\/figure>\n\n\n\n<figure class=\"wp-block-image\"><img decoding=\"async\" src=\"http:\/\/dea.unsj.edu.ar\/visitas\/Viaje_2017_archivos\/image029.gif\" alt=\"\"\/><\/figure>\n\n\n\n<h1 class=\"wp-block-heading\">3.&nbsp;&nbsp;&nbsp;&nbsp;&nbsp;\nConclusiones<\/h1>\n\n\n\n<p>Luego de visitar todas las empresas e instituciones y de recordar lo visto\nen cada una de ellas, se hizo un peque\u00f1o balance para calificar la experiencia\nde haber recorrido cada una de las mismas, y por qu\u00e9 no, del viaje en general.<\/p>\n","protected":false},"excerpt":{"rendered":"<div class=\"entry-summary\">\n1.&nbsp;&nbsp;&nbsp;&nbsp;&nbsp; Introducci\u00f3n Los objetivos del viaje fueron \u00b7&nbsp;&nbsp;&nbsp;&nbsp;&nbsp;&nbsp; Tomar contacto con f\u00e1bricas e instituciones relacionadas a la ingenier\u00eda electr\u00f3nica y&hellip;\n<\/div>\n<div class=\"link-more\"><a href=\"https:\/\/dea.unsj.edu.ar\/principal\/alumnos\/viajes-educativos\/viaje-educativo-2017\/\" class=\"more-link\">Continue reading<span class=\"screen-reader-text\"> &ldquo;Viaje Educativo 2017&rdquo;<\/span>&hellip;<\/a><\/div>\n","protected":false},"author":1,"featured_media":0,"parent":1019,"menu_order":0,"comment_status":"closed","ping_status":"closed","template":"","meta":{"_acf_changed":false,"jetpack_post_was_ever_published":false,"footnotes":""},"class_list":["post-1041","page","type-page","status-publish","hentry","entry"],"acf":[],"jetpack_sharing_enabled":true,"jetpack_shortlink":"https:\/\/wp.me\/PaLbeA-gN","_links":{"self":[{"href":"https:\/\/dea.unsj.edu.ar\/principal\/wp-json\/wp\/v2\/pages\/1041","targetHints":{"allow":["GET"]}}],"collection":[{"href":"https:\/\/dea.unsj.edu.ar\/principal\/wp-json\/wp\/v2\/pages"}],"about":[{"href":"https:\/\/dea.unsj.edu.ar\/principal\/wp-json\/wp\/v2\/types\/page"}],"author":[{"embeddable":true,"href":"https:\/\/dea.unsj.edu.ar\/principal\/wp-json\/wp\/v2\/users\/1"}],"replies":[{"embeddable":true,"href":"https:\/\/dea.unsj.edu.ar\/principal\/wp-json\/wp\/v2\/comments?post=1041"}],"version-history":[{"count":0,"href":"https:\/\/dea.unsj.edu.ar\/principal\/wp-json\/wp\/v2\/pages\/1041\/revisions"}],"up":[{"embeddable":true,"href":"https:\/\/dea.unsj.edu.ar\/principal\/wp-json\/wp\/v2\/pages\/1019"}],"wp:attachment":[{"href":"https:\/\/dea.unsj.edu.ar\/principal\/wp-json\/wp\/v2\/media?parent=1041"}],"curies":[{"name":"wp","href":"https:\/\/api.w.org\/{rel}","templated":true}]}}